{"id":8455,"date":"2022-07-04T12:16:46","date_gmt":"2022-07-04T10:16:46","guid":{"rendered":"https:\/\/spirit.h2.de\/wordpress\/?page_id=8455"},"modified":"2023-12-23T12:55:46","modified_gmt":"2023-12-23T11:55:46","slug":"esalsa","status":"publish","type":"page","link":"https:\/\/spirit.h2.de\/spirit\/projekte\/esalsa\/","title":{"rendered":"eSALSA \u2013 eService Agentur Sachsen-Anhalt"},"content":{"rendered":"<section class=\"l-section wpb_row height_auto\"><div class=\"l-section-h i-cf\"><div class=\"g-cols vc_row via_grid cols_1 laptops-cols_inherit tablets-cols_inherit mobiles-cols_1 valign_top type_default stacking_default\"><div class=\"wpb_column vc_column_container\"><div class=\"vc_column-inner\"><div class=\"w-separator size_small\"><\/div><div class=\"w-separator size_small\"><\/div><div class=\"w-text us_custom_ccb6e813 has_text_color\"><span class=\"w-text-h\"><span class=\"w-text-value\">eSALSA<\/span><\/span><\/div><div class=\"w-separator size_custom\" style=\"height:0.9rem\"><\/div><div class=\"w-text us_custom_a3fc07dd has_text_color\"><span class=\"w-text-h\"><span class=\"w-text-value\">eService-Agentur im Land Sachsen-Anhalt<\/span><\/span><\/div><div class=\"w-separator size_small\"><\/div><div class=\"wpb_column vc_column_container\"><div class=\"vc_column-inner\"><div class=\"w-image has_ratio align_none\"><div class=\"w-image-h\"><div style=\"padding-bottom:33.3333%\"><\/div><img decoding=\"async\" width=\"5000\" height=\"2813\" src=\"https:\/\/spirit.h2.de\/spirit\/wp-content\/uploads\/2022\/07\/Website-Foto_eSALSA.png\" class=\"attachment-full size-full\" alt=\"\" loading=\"lazy\" \/><\/div><\/div><\/div><\/div><\/div><\/div><\/div><\/div><\/section><section class=\"l-section wpb_row height_medium\"><div class=\"l-section-h i-cf\"><div class=\"g-cols vc_row via_grid cols_2-1 laptops-cols_inherit tablets-cols_inherit mobiles-cols_1 valign_top type_default stacking_default\" style=\"--columns-gap:5rem;\"><div class=\"wpb_column vc_column_container\"><div class=\"vc_column-inner\"><div class=\"w-text us_custom_b01cd5ea has_text_color\"><span class=\"w-text-h\"><span class=\"w-text-value\">Ausgangslage<\/span><\/span><\/div><div class=\"w-separator size_small\"><\/div><div class=\"wpb_text_column\"><div class=\"wpb_wrapper\"><p>Die Hochschulen im Land Sachsen-Anhalt haben sich bez\u00fcglich der Digitalisierung von Lehre unterschiedlich orientiert und entwickelt, wobei Herausforderungen als auch Leuchtturmprojekte zu konstatieren sind. Dabei sind die Kompetenzen hinsichtlich digitalisierter Lehr-\/Lern- sowie Pr\u00fcfungsszenarien an den Hochschulen unterschiedlich ausgepr\u00e4gt und verortet. Um die nachhaltige Weiterentwicklung der Digitalisierung in den Hochschulen zu koordinieren, sollen in einem auf Transfer und Synergie beruhenden Verbundprojekt die Grundlagen f\u00fcr eine landesweite Koordinierungsebene im Bereich Digitalisierung der Hochschulbildung geschaffen werden.<\/p>\n<\/div><\/div><div class=\"w-separator size_large\"><\/div><div class=\"w-text us_custom_b01cd5ea has_text_color\"><span class=\"w-text-h\"><span class=\"w-text-value\">Projektidee<\/span><\/span><\/div><div class=\"w-separator size_small\"><\/div><div class=\"wpb_text_column\"><div class=\"wpb_wrapper\"><p>Die Stiftung &#8222;Innovation in der Hochschullehre&#8220; f\u00f6rdert von 2021 bis 2024 das Verbundprojekt eSALSA (eService-Agentur im Land Sachsen-Anhalt). Das Ziel von eSALSA ist, die Voraussetzungen f\u00fcr eine effiziente digitale Unterst\u00fctzung der Hochschulbildung im Land an allen Hochschulstandorten zu schaffen, diese weiterzuentwickeln und nachhaltige Strukturen in den Bereichen technische Ausstattung sowie Unterst\u00fctzung und Qualifizierung von Lehrenden zu etablieren. Durch die Schaffung gemeinsamer Servicesstrukturen im Bereich digital gest\u00fctzter Hochschullehre und dem fortw\u00e4hrenden Austausch zwischen allen Projektpartnern werden die unterschiedlichen Expertisen im Land geb\u00fcndelt und Synergien genutzt, die der Qualit\u00e4tsentwicklung der Hochschullehre in Sachsen-Anhalt dienen sollen. Die Schwerpunkte des Projektes umfassen die Themenbereiche \u201eE-Pr\u00fcfungen\u201c, \u201ehybride Lehr-\/Lernszenarien\u201c und \u201eOnline-Qualifizierungsangebote\u201c.<\/p>\n<\/div><\/div><div class=\"w-separator size_large\"><\/div><div class=\"w-text us_custom_b01cd5ea has_text_color\"><span class=\"w-text-h\"><span class=\"w-text-value\">Ziele<\/span><\/span><\/div><div class=\"w-separator size_small\"><\/div><div class=\"wpb_text_column\"><div class=\"wpb_wrapper\"><p>Ausgehend von den gemachten Erfahrungen werden die bestehenden wie auch die erprobten Lehr-, Lern- und Pr\u00fcfungssettings innerhalb der Hochschule weiterentwickelt und in neue Kontexte \u00fcbertragen. Entwickelte Bildungsressourcen werden als Open Educational Ressources zug\u00e4nglich gemacht.<\/p>\n<\/div><\/div><div class=\"w-separator size_small\"><\/div><div class=\"wpb_text_column\"><div class=\"wpb_wrapper\"><p>Projektwebsite: <a href=\"http:\/\/www.esalsa.de\">www.esalsa.de<\/a><\/p>\n<\/div><\/div><\/div><\/div><div class=\"wpb_column vc_column_container\"><div class=\"vc_column-inner\"><div class=\"w-text us_custom_b01cd5ea has_text_color\"><span class=\"w-text-h\"><span class=\"w-text-value\">Eckdaten<\/span><\/span><\/div><div class=\"w-separator size_small\"><\/div><div class=\"w-text us_custom_32940c00 has_text_color\"><span class=\"w-text-h\"><span class=\"w-text-value\">Laufzeit<\/span><\/span><\/div><div class=\"w-separator size_custom\" style=\"height:0.6rem\"><\/div><div class=\"wpb_text_column\"><div class=\"wpb_wrapper\"><p>01.08.2021 \u2013 31.07.2024<\/p>\n<\/div><\/div><div class=\"w-separator size_small\"><\/div><div class=\"w-text us_custom_32940c00 has_text_color\"><span class=\"w-text-h\"><span class=\"w-text-value\">Verbundpartner*innen<\/span><\/span><\/div><div class=\"w-separator size_custom\" style=\"height:0.6rem\"><\/div><div class=\"wpb_text_column\"><div class=\"wpb_wrapper\"><p>Die Projektleitung liegt bei der Martin-Luther-Universit\u00e4t Halle-Wittenberg (MLU) und Herrn Prof. Dr. Torsten Schubert, Direktor des Zentrums f\u00fcr Multimediales Lehren und Lernen.<\/p>\n<p>Die weiteren Projektpartner sind:<\/p>\n<ul>\n<li>Otto-von-Guericke-Universit\u00e4t Magdeburg<\/li>\n<li>Hochschule Anhalt<\/li>\n<li>Hochschule Harz<\/li>\n<li>Hochschule Magdeburg-Stendal<\/li>\n<li>Hochschule Merseburg<\/li>\n<li>Kunsthochschule Burg Giebichenstein<\/li>\n<li>Fachhochschule der Polizei Sachsen-Anhalt<\/li>\n<\/ul>\n<\/div><\/div><div class=\"w-separator size_small\"><\/div><div class=\"w-text us_custom_32940c00 has_text_color\"><span class=\"w-text-h\"><span class=\"w-text-value\">F\u00f6rdermittelgebende<\/span><\/span><\/div><div class=\"w-separator size_custom\" style=\"height:0.6rem\"><\/div><div class=\"wpb_text_column\"><div class=\"wpb_wrapper\"><ul>\n<li>Bundesministerium f\u00fcr Bildung und Forschung (BMBF, WBC2019)<\/li>\n<li>Stiftung Innovation in der Hochschullehre<\/li>\n<\/ul>\n<\/div><\/div><div class=\"w-separator size_small\"><\/div><div class=\"w-text us_custom_32940c00 has_text_color\"><span class=\"w-text-h\"><span class=\"w-text-value\">Wissenschaftler*innen:<\/span><\/span><\/div><div class=\"w-separator size_custom\" style=\"height:0.6rem\"><\/div><div class=\"wpb_text_column\"><div class=\"wpb_wrapper\"><p><strong>Nadine Wegmeyer M.A.<\/strong><br \/>\nForschungs- und Entwicklungszentrum<br \/>\nHochschule Magdeburg-Stendal<br \/>\nnadine.wegmeyer@h2.de<\/p>\n<\/div><\/div><div class=\"w-separator size_custom\" style=\"height:0.6rem\"><\/div><div class=\"wpb_text_column\"><div class=\"wpb_wrapper\"><p><strong>Prof. Dr. Michael A. Herzog<\/strong><br \/>\nWirtschaftsinformatik<br \/>\nHochschule Magdeburg-Stendal<br \/>\nmichael.herzog@h2.de<\/p>\n<\/div><\/div><\/div><\/div><\/div><\/div><\/section><section class=\"l-section wpb_row height_auto\"><div class=\"l-section-h i-cf\"><div class=\"g-cols vc_row via_grid cols_1 laptops-cols_inherit tablets-cols_inherit mobiles-cols_1 valign_top type_default stacking_default\"><div class=\"wpb_column vc_column_container\"><div class=\"vc_column-inner\"><div class=\"w-separator size_small\"><\/div><div class=\"w-separator size_small\"><\/div><div class=\"w-separator size_huge\"><\/div><\/div><\/div><\/div><\/div><\/section>\n","protected":false},"excerpt":{"rendered":"{:de}eSALSAeService-Agentur im Land Sachsen-AnhaltAusgangslageDie Hochschulen im Land Sachsen-Anhalt haben sich bez\u00fcglich der Digitalisierung von Lehre unterschiedlich orientiert und entwickelt, wobei Herausforderungen als auch Leuchtturmprojekte zu konstatieren sind. Dabei sind die Kompetenzen hinsichtlich digitalisierter Lehr-\/Lern- sowie Pr\u00fcfungsszenarien an den Hochschulen unterschiedlich ausgepr\u00e4gt und verortet. Um die nachhaltige Weiterentwicklung der Digitalisierung in den Hochschulen zu koordinieren, sollen...","protected":false},"author":7,"featured_media":9985,"parent":4137,"menu_order":0,"comment_status":"closed","ping_status":"closed","template":"","meta":{"_acf_changed":false,"footnotes":""},"categories":[],"tags":[],"class_list":["post-8455","page","type-page","status-publish","has-post-thumbnail","hentry"],"translation":{"provider":"WPGlobus","version":"3.0.1","language":"de","enabled_languages":["de","en"],"languages":{"de":{"title":true,"content":true,"excerpt":false},"en":{"title":true,"content":true,"excerpt":false}}},"acf":[],"_links":{"self":[{"href":"https:\/\/spirit.h2.de\/spirit\/wp-json\/wp\/v2\/pages\/8455","targetHints":{"allow":["GET"]}}],"collection":[{"href":"https:\/\/spirit.h2.de\/spirit\/wp-json\/wp\/v2\/pages"}],"about":[{"href":"https:\/\/spirit.h2.de\/spirit\/wp-json\/wp\/v2\/types\/page"}],"author":[{"embeddable":true,"href":"https:\/\/spirit.h2.de\/spirit\/wp-json\/wp\/v2\/users\/7"}],"replies":[{"embeddable":true,"href":"https:\/\/spirit.h2.de\/spirit\/wp-json\/wp\/v2\/comments?post=8455"}],"version-history":[{"count":21,"href":"https:\/\/spirit.h2.de\/spirit\/wp-json\/wp\/v2\/pages\/8455\/revisions"}],"predecessor-version":[{"id":16530,"href":"https:\/\/spirit.h2.de\/spirit\/wp-json\/wp\/v2\/pages\/8455\/revisions\/16530"}],"up":[{"embeddable":true,"href":"https:\/\/spirit.h2.de\/spirit\/wp-json\/wp\/v2\/pages\/4137"}],"wp:featuredmedia":[{"embeddable":true,"href":"https:\/\/spirit.h2.de\/spirit\/wp-json\/wp\/v2\/media\/9985"}],"wp:attachment":[{"href":"https:\/\/spirit.h2.de\/spirit\/wp-json\/wp\/v2\/media?parent=8455"}],"wp:term":[{"taxonomy":"category","embeddable":true,"href":"https:\/\/spirit.h2.de\/spirit\/wp-json\/wp\/v2\/categories?post=8455"},{"taxonomy":"post_tag","embeddable":true,"href":"https:\/\/spirit.h2.de\/spirit\/wp-json\/wp\/v2\/tags?post=8455"}],"curies":[{"name":"wp","href":"https:\/\/api.w.org\/{rel}","templated":true}]}}