{"id":5095,"date":"2022-05-23T19:35:43","date_gmt":"2022-05-23T17:35:43","guid":{"rendered":"https:\/\/spirit.h2.de\/wordpress\/?page_id=5095"},"modified":"2023-06-26T13:29:31","modified_gmt":"2023-06-26T11:29:31","slug":"yvonne-boenninger","status":"publish","type":"page","link":"https:\/\/spirit.h2.de\/spirit\/officials\/yvonne-boenninger\/","title":{"rendered":"Yvonne B\u00f6nninger M.A."},"content":{"rendered":"<section class=\"l-section wpb_row height_auto\"><div class=\"l-section-h i-cf\"><div class=\"g-cols vc_row via_grid cols_2-1 laptops-cols_inherit tablets-cols_inherit mobiles-cols_1 valign_top type_default stacking_default\"><div class=\"wpb_column vc_column_container\"><div class=\"vc_column-inner\"><div class=\"w-separator size_medium\"><\/div><div class=\"w-text us_custom_047e52cd has_text_color\"><span class=\"w-text-h\"><span class=\"w-text-value\">Yvonne B\u00f6nninger M.A.<\/span><\/span><\/div><div class=\"w-separator size_medium\"><\/div><div class=\"g-cols wpb_row via_grid cols_5 laptops-cols_inherit tablets-cols_inherit mobiles-cols_4 valign_top type_default stacking_default\" style=\"--columns-gap:3rem;\"><div class=\"wpb_column vc_column_container\"><div class=\"vc_column-inner\"><div class=\"w-socials us_custom_91f06cd3 color_link shape_none\"><div class=\"w-socials-list\"><div class=\"w-socials-item custom\"><a target=\"_blank\" rel=\"nofollow\" href=\"(03931) 2187 - 3814 \" class=\"w-socials-item-link\" aria-label=\"Titel\"><span class=\"w-socials-item-link-hover\" style=\"background:var(--color-header-middle-text);\"><\/span><i class=\"fas fa-phone\"><\/i><\/a><div class=\"w-socials-item-popup\"><span>Titel<\/span><\/div><\/div><\/div><\/div><\/div><\/div><div class=\"wpb_column vc_column_container\"><div class=\"vc_column-inner\"><div class=\"w-socials us_custom_91f06cd3 color_link shape_none\" style=\"--gap:1.8em;\"><div class=\"w-socials-list\"><div class=\"w-socials-item email\"><a target=\"_blank\" rel=\"nofollow\" href=\"yvonne.b\u00f6nninger@h2.de\" class=\"w-socials-item-link\" aria-label=\"E-Mail-Adresse\"><span class=\"w-socials-item-link-hover\"><\/span><i class=\"fas fa-envelope\"><\/i><\/a><div class=\"w-socials-item-popup\"><span>E-Mail-Adresse<\/span><\/div><\/div><\/div><\/div><\/div><\/div><div class=\"wpb_column vc_column_container\"><div class=\"vc_column-inner\"><div class=\"w-socials us_custom_91f06cd3 color_link shape_none\" style=\"--gap:1.8em;\"><div class=\"w-socials-list\"><div class=\"w-socials-item linkedin\"><a target=\"_blank\" rel=\"nofollow\" href=\"https:\/\/www.linkedin.com\/in\/yvonne-b\u00f6nninger-a05581241\/\" class=\"w-socials-item-link\" aria-label=\"LinkedIn\"><span class=\"w-socials-item-link-hover\"><\/span><i class=\"fab fa-linkedin\"><\/i><\/a><div class=\"w-socials-item-popup\"><span>LinkedIn<\/span><\/div><\/div><\/div><\/div><\/div><\/div><div class=\"wpb_column vc_column_container\"><div class=\"vc_column-inner\"><\/div><\/div><div class=\"wpb_column vc_column_container\"><div class=\"vc_column-inner\"><\/div><\/div><\/div><div class=\"w-separator size_small\"><\/div><\/div><\/div><div class=\"wpb_column vc_column_container\"><div class=\"vc_column-inner\"><\/div><\/div><\/div><\/div><\/section><section class=\"l-section wpb_row height_small\"><div class=\"l-section-overlay\" style=\"background:rgba(255,255,255,0.25)\"><\/div><div class=\"l-section-h i-cf\"><div class=\"g-cols vc_row via_grid cols_1-2 laptops-cols_inherit tablets-cols_inherit mobiles-cols_1 valign_top type_default stacking_default\"><div class=\"wpb_column vc_column_container\"><div class=\"vc_column-inner\"><div class=\"w-image has_ratio align_none\"><div class=\"w-image-h\"><div style=\"padding-bottom:100%\"><\/div><img decoding=\"async\" width=\"2560\" height=\"1707\" src=\"https:\/\/spirit.h2.de\/spirit\/wp-content\/uploads\/2023\/06\/20230608_Yvonne-scaled.jpg\" class=\"attachment-full size-full\" alt=\"\" loading=\"lazy\" \/><\/div><\/div><\/div><\/div><div class=\"wpb_column vc_column_container\"><div class=\"vc_column-inner\"><div class=\"wpb_text_column\"><div class=\"wpb_wrapper\"><p><strong>Yvonne B\u00f6nninger<\/strong> ist wissenschaftliche Mitarbeiterin im Projekt h\u00b2d\u00b2 &#8211; didaktisch und digital kompetent Lehren und Lernen der Hochschule Magdeburg-Stendal. Hierbei entwickelt sie mit Dr. Elke M\u00e4hlitz-Galler im PraxisInnovation-Lab (PIL) eine Praxis-Innovation-Plattform, die Studium und Praxis innovativ miteinander verkn\u00fcpft. Das PIL forscht im Bereich der Kompetenzen, digitalen Medien und Bildung. Yvonne studierte im Bachelor und Master \u201eMedienbildung \u2013 Audivisuelle Kultur und Kommunikation\u201c an der Otto-von-Guericke Universit\u00e4t Magdeburg und war von 2019 &#8211; 2021 im Qualit\u00e4tspakt Lehre (QPL) f\u00fcr die Tutor:innen-Qualifizierung und das Mentoring-Programm der Hochschule Magdeburg-Stendal zust\u00e4ndig. Danach wechselte sie an die Uni Hamburg und entwickelte im Projekt \u201eHoDaPro \u2013 Neue hochschuldidaktische Professionelle &#8211; Berufsrollen und Berufsentwicklungen in der Hochschuldidaktik als Beitrag zur Qualit\u00e4tsentwicklung im third space\u201c ein Transferkonzept zur Umsetzung einer Weiterbildung fu\u0308r hochschuldidaktisch Ta\u0308tige und kehrte im Anschluss an die Hochschule Magdeburg-Stendal zur\u00fcck.<\/p>\n<\/div><\/div><\/div><\/div><\/div><\/div><\/section>\n","protected":false},"excerpt":{"rendered":"{:de}Yvonne B\u00f6nninger M.A.TitelE-Mail-AdresseLinkedInYvonne B\u00f6nninger ist wissenschaftliche Mitarbeiterin im Projekt h\u00b2d\u00b2 &#8211; didaktisch und digital kompetent Lehren und Lernen der Hochschule Magdeburg-Stendal. Hierbei entwickelt sie mit Dr. Elke M\u00e4hlitz-Galler im PraxisInnovation-Lab (PIL) eine Praxis-Innovation-Plattform, die Studium und Praxis innovativ miteinander verkn\u00fcpft. Das PIL forscht im Bereich der Kompetenzen, digitalen Medien und Bildung. Yvonne studierte im Bachelor...","protected":false},"author":7,"featured_media":12027,"parent":46,"menu_order":0,"comment_status":"closed","ping_status":"closed","template":"","meta":{"_acf_changed":false,"footnotes":""},"categories":[],"tags":[],"class_list":["post-5095","page","type-page","status-publish","has-post-thumbnail","hentry"],"translation":{"provider":"WPGlobus","version":"3.0.1","language":"de","enabled_languages":["de","en"],"languages":{"de":{"title":true,"content":true,"excerpt":false},"en":{"title":true,"content":true,"excerpt":false}}},"acf":[],"_links":{"self":[{"href":"https:\/\/spirit.h2.de\/spirit\/wp-json\/wp\/v2\/pages\/5095","targetHints":{"allow":["GET"]}}],"collection":[{"href":"https:\/\/spirit.h2.de\/spirit\/wp-json\/wp\/v2\/pages"}],"about":[{"href":"https:\/\/spirit.h2.de\/spirit\/wp-json\/wp\/v2\/types\/page"}],"author":[{"embeddable":true,"href":"https:\/\/spirit.h2.de\/spirit\/wp-json\/wp\/v2\/users\/7"}],"replies":[{"embeddable":true,"href":"https:\/\/spirit.h2.de\/spirit\/wp-json\/wp\/v2\/comments?post=5095"}],"version-history":[{"count":14,"href":"https:\/\/spirit.h2.de\/spirit\/wp-json\/wp\/v2\/pages\/5095\/revisions"}],"predecessor-version":[{"id":12025,"href":"https:\/\/spirit.h2.de\/spirit\/wp-json\/wp\/v2\/pages\/5095\/revisions\/12025"}],"up":[{"embeddable":true,"href":"https:\/\/spirit.h2.de\/spirit\/wp-json\/wp\/v2\/pages\/46"}],"wp:featuredmedia":[{"embeddable":true,"href":"https:\/\/spirit.h2.de\/spirit\/wp-json\/wp\/v2\/media\/12027"}],"wp:attachment":[{"href":"https:\/\/spirit.h2.de\/spirit\/wp-json\/wp\/v2\/media?parent=5095"}],"wp:term":[{"taxonomy":"category","embeddable":true,"href":"https:\/\/spirit.h2.de\/spirit\/wp-json\/wp\/v2\/categories?post=5095"},{"taxonomy":"post_tag","embeddable":true,"href":"https:\/\/spirit.h2.de\/spirit\/wp-json\/wp\/v2\/tags?post=5095"}],"curies":[{"name":"wp","href":"https:\/\/api.w.org\/{rel}","templated":true}]}}