{"id":4521,"date":"2022-05-11T08:27:02","date_gmt":"2022-05-11T06:27:02","guid":{"rendered":"https:\/\/spirit.h2.de\/wordpress\/?page_id=4521"},"modified":"2024-09-20T09:03:38","modified_gmt":"2024-09-20T07:03:38","slug":"cleanbreathe","status":"publish","type":"page","link":"https:\/\/spirit.h2.de\/spirit\/projekte\/cleanbreathe\/","title":{"rendered":"CleanBREATHE \u2013 Luftverschmutzung mit Bildungstechnologien bek\u00e4mpfen"},"content":{"rendered":"<section class=\"l-section wpb_row height_auto\"><div class=\"l-section-h i-cf\"><div class=\"g-cols vc_row via_grid cols_1 laptops-cols_inherit tablets-cols_inherit mobiles-cols_1 valign_top type_default stacking_default\"><div class=\"wpb_column vc_column_container\"><div class=\"vc_column-inner\"><div class=\"w-separator size_small\"><\/div><div class=\"w-separator size_small\"><\/div><div class=\"w-text us_custom_ccb6e813 has_text_color\"><span class=\"w-text-h\"><span class=\"w-text-value\">CleanBREATHE<\/span><\/span><\/div><div class=\"w-separator size_custom\" style=\"height:\"><\/div><div class=\"w-text us_custom_a3fc07dd has_text_color\"><span class=\"w-text-h\"><span class=\"w-text-value\">Technologische &amp; bildungspolitische L\u00f6sungen zum Thema Luftverschmutzung mittels eines Blended Research Ansatzes.<\/span><\/span><\/div><div class=\"w-separator size_medium\"><\/div><div class=\"wpb_column vc_column_container\"><div class=\"vc_column-inner\"><div class=\"w-image has_ratio align_none\"><div class=\"w-image-h\"><div style=\"padding-bottom:38.0952%\"><\/div><img decoding=\"async\" width=\"2560\" height=\"1709\" src=\"https:\/\/spirit.h2.de\/spirit\/wp-content\/uploads\/2022\/06\/CleanBREATHE_Cover2-scaled.jpg\" class=\"attachment-full size-full\" alt=\"\" loading=\"lazy\" \/><\/div><\/div><\/div><\/div><\/div><\/div><\/div><\/div><\/section><section class=\"l-section wpb_row height_medium\"><div class=\"l-section-h i-cf\"><div class=\"g-cols vc_row via_grid cols_2-1 laptops-cols_inherit tablets-cols_inherit mobiles-cols_1 valign_top type_default stacking_default\" style=\"--columns-gap:5rem;\"><div class=\"wpb_column vc_column_container\"><div class=\"vc_column-inner\"><div class=\"w-text us_custom_b01cd5ea has_text_color\"><span class=\"w-text-h\"><span class=\"w-text-value\">Ausgangslage<\/span><\/span><\/div><div class=\"w-separator size_small\"><\/div><div class=\"wpb_text_column\"><div class=\"wpb_wrapper\"><p>Luftverschmutzung ist ein grundlegendes Problem in der Balkanregion \u2013 insbesondere in Nordmazedonien. In der Datenbank der Weltgesundheitsorganisation (WHO) fu\u0308r Luftverschmutzung z\u00e4hlt die Stadt Skopje zu den am st\u00e4rksten verschmutzten Hauptst\u00e4dten Europas mit einer Feinstaubkonzentration von PM10 und PM2,5 (UNEP, 2018). Nach einer Studie von Dimovska &amp; Mladenovska (2019, S.428) hat die Luftverschmutzung einen signifikanten Einfluss auf die Gesundheit und die Ausbreitung von Krankheiten in Nordmazedonien. Extreme Luftverschmutzung und das ansteigende hohe Risiko von durch die Luft u\u0308bertragbaren Krankheiten verringern die Attraktivit.t der Region als Lebensmittelpunkt und Arbeitsort.<\/p>\n<\/div><\/div><div class=\"w-separator size_large\"><\/div><div class=\"w-text us_custom_b01cd5ea has_text_color\"><span class=\"w-text-h\"><span class=\"w-text-value\">Projektidee<\/span><\/span><\/div><div class=\"w-separator size_small\"><\/div><div class=\"wpb_text_column\"><div class=\"wpb_wrapper\"><p>Das CleanBREATHE Verbundprojekt Technische &amp; bildungspolitische L\u00f6sungsstrategien zum Thema Luftverschmutzung mittels eines Blended Research Ansatzes; Teilvorhaben: Gestaltung der Benutzer*innenoberfl\u00e4che, sozialen Intervention und Bu\u0308rger*innen Partizipation zielt darauf ab die Auswirkungen von Sensibilisierungsstrategien und den Effekt von mobilen Erhebungsmethoden, die durch soziale Netzwerke verbreitet werden, zu erforschen. Die Auswertung und Visualisierung der Luftqualit\u00e4tsdaten sollen die Wahrnehmung von Luftverschmutzung und damit verbundene Probleme fu\u0308r die Allgemeinheit sch\u00e4rfen. Die angestrebten Ziele zur Reduktion der Luftverschmutzung durch das Projekt CleanBREATHE gliedern sich in 3 Teilziele:<\/p>\n<\/div><\/div><div class=\"w-separator size_large\"><\/div><div class=\"w-text us_custom_b01cd5ea has_text_color\"><span class=\"w-text-h\"><span class=\"w-text-value\">Ziele<\/span><\/span><\/div><div class=\"w-separator size_small\"><\/div><div class=\"wpb_text_column\"><div class=\"wpb_wrapper\"><p><strong>Ziel 1:<\/strong> Entwicklung von Sensortechnologien zur Erweiterung der Sensornetzwerke (Sensor Kit), die von Bu\u0308rger*innen verteilt werden. Die Hard- und Software bilden dabei das Kernelement fu\u0308r KI basierte Vorhersage-Algorithmen. Die Erweiterung des Netzwerkes zur Datenerhebung durch neu konstruierte, mobile und station\u00e4re Sensoren wird es erm\u00f6glichen, regional relevante Daten u\u0308ber Luftschadstoffe zu sammeln. Dazu geh\u00f6rt die Detektion von besonders starken Verursachern der Luftverschmutzung, durch die geografische Erfassung von Daten und Auswertung der Luftstr\u00f6me.<br \/>\n<strong>Ziel 2:<\/strong>Von den Daten werden m\u00f6gliche Ma\u00dfnahmen fu\u0308r \u00d6ffentlichkeit, Industrie sowie Regierungsorganisationen abgeleitet. Ein Konzept zur Bu\u0308rgerbeteiligung und sozialen Intervention soll langfristige Verhaltens\u00e4nderungen bewirken.<br \/>\n<strong>Ziel 3:<\/strong>Entwicklung eines neuen Gesch\u00e4ftsmodells fu\u0308r das Sensor Kit und die Public Awareness Installation.<\/p>\n<\/div><\/div><div class=\"w-separator size_large\"><\/div><div class=\"w-text us_custom_b01cd5ea has_text_color\"><span class=\"w-text-h\"><span class=\"w-text-value\">Methoden<\/span><\/span><\/div><div class=\"w-separator size_small\"><\/div><div class=\"wpb_text_column\"><div class=\"wpb_wrapper\"><p>Im Projekt CleanBREATHE werden mit einem Design Science Research Ansatz bestehende L\u00f6sungen und neue Ans\u00e4tze zur Prognose der Luftqualit\u00e4t getestet und weiterentwickelt (Prototypen). Dafu\u0308r werden Algorithmen zur Auswertung der Daten verwendet, die Merkmale der Luftverschmutzung extrahieren und zueinander in Beziehung setzen.<br \/>\nCleanBREATHE wird zum Teil die bestehende Infrastruktur aus Sensoren und Luftqualit\u00e4tsdaten nutzen, um das Bewusstsein fu\u0308r Luftverschmutzung zu sch\u00e4rfen. Auf Grundlage der AirCare App werden Konzept, Design und die technische Umsetzung solcher Erhebungsinstrumente weiterentwickelt. Wir nutzen das Prinzip Mobile Crowdsensing, um zus\u00e4tzliche Daten zu sammeln. Durch den Zugewinn an Standorten und Zeitr\u00e4umen, in denen Daten erhoben werden, verbessern sich die Zuverl\u00e4ssigkeit von Prognosen. Fu\u0308r die Nutzer*innen werden die Daten visuell aufbereitet, so dass die App einen p\u00e4dagogischen Mehrwert als Handlungsempfehlungen darstellt und schlie\u00dflich eine Verhaltens\u00e4nderung anregt. \u00dcber Workshops mit Bu\u0308rger*innen und Studierenden soll die Aufmerksamkeit fu\u0308r das Thema erh\u00f6ht werden und die Beteiligung an der Datenerhebung steigen. Daru\u0308berhinaus soll ein direkter Wissenstransfer u\u0308ber Luftverschmutzung und L\u00f6sungen fu\u0308r Unternehmen diskutiert werden. Das Ziel ist die Sensibilisierung der \u00d6ffentlichkeit f\u00fcr Umweltfragen und letztlich eine Verringerung der Luftverschmutzung. In einem n\u00e4chsten Schritt werden die Forschungsergebnisse den politischen Entscheidungstr\u00e4gern pr\u00e4sentiert. Zur Erreichung dieser Ziele wird ein marktf\u00e4higes, digitales Produkt zu angemessenen Preisen entwickelt, dessen technologische Komponenten das Feinstaub Bewusstsein vorantreibt.<\/p>\n<\/div><\/div><\/div><\/div><div class=\"wpb_column vc_column_container\"><div class=\"vc_column-inner\"><div class=\"w-text us_custom_b01cd5ea has_text_color\"><span class=\"w-text-h\"><span class=\"w-text-value\">Eckdaten<\/span><\/span><\/div><div class=\"w-separator size_small\"><\/div><div class=\"w-text us_custom_32940c00 has_text_color\"><span class=\"w-text-h\"><span class=\"w-text-value\">Laufzeit<\/span><\/span><\/div><div class=\"w-separator size_custom\" style=\"height:0.6rem\"><\/div><div class=\"wpb_text_column\"><div class=\"wpb_wrapper\"><ul>01.10.2021 \u2013 30.04.2025<\/ul>\n<\/div><\/div><div class=\"w-separator size_small\"><\/div><div class=\"w-text us_custom_32940c00 has_text_color\"><span class=\"w-text-h\"><span class=\"w-text-value\">Verbundpartner*innen<\/span><\/span><\/div><div class=\"w-separator size_custom\" style=\"height:0.6rem\"><\/div><div class=\"wpb_text_column\"><div class=\"wpb_wrapper\"><ul>\n<li>Hochschule Magdeburg-Stendal<\/li>\n<li>Ss. Cyril and Methodius University in Skopije (SCMU), Nordmazedonien, Fakult\u00e4t f\u00fcr Informatik (FCSE), Labor f\u00fcr Eco-Informatik<\/li>\n<li>Business Innovation Coach<\/li>\n<\/ul>\n<\/div><\/div><div class=\"w-separator size_small\"><\/div><div class=\"w-text us_custom_32940c00 has_text_color\"><span class=\"w-text-h\"><span class=\"w-text-value\">F\u00f6rdermittelgebende<\/span><\/span><\/div><div class=\"w-separator size_custom\" style=\"height:0.6rem\"><\/div><div class=\"wpb_text_column\"><div class=\"wpb_wrapper\"><ul>\n<li>Bundesministerium f\u00fcr Bildung und Forschung (BMBF, WBC2019)<\/li>\n<li>Deutsches Zentrum f\u00fcr Luft- und Raumfahrt e.V. (DLR)<\/li>\n<\/ul>\n<\/div><\/div><div class=\"w-separator size_small\"><\/div><div class=\"w-text us_custom_32940c00 has_text_color\"><span class=\"w-text-h\"><span class=\"w-text-value\">Wissenschaftler*innen:<\/span><\/span><\/div><div class=\"w-separator size_custom\" style=\"height:0.6rem\"><\/div><div class=\"wpb_text_column us_custom_b8973c5f\"><div class=\"wpb_wrapper\"><p><strong>Victoria Batz, M.A.<\/strong><br \/>\nInteraction Design<br \/>\nHochschule Magdeburg-Stendal<br \/>\nvictoria.batz@h2.de<\/p>\n<\/div><\/div><div class=\"w-separator size_custom\" style=\"height:0.6rem\"><\/div><div class=\"wpb_text_column us_custom_b8973c5f\"><div class=\"wpb_wrapper\"><p><strong>Prof. Dr. Petre Lameski<\/strong><br \/>\nK\u00fcnstliche Intelligenz<br \/>\nSs. Cyril and Methodius University in Skopje<br \/>\npetre.lameski@finki.ukim.mk<\/p>\n<\/div><\/div><div class=\"w-separator size_custom\" style=\"height:0.6rem\"><\/div><div class=\"wpb_text_column us_custom_b8973c5f\"><div class=\"wpb_wrapper\"><p><strong>Prof. Dr. Vladimir Trajkovik<\/strong><br \/>\nEco-Informatics<br \/>\nSs. Cyril and Methodius University in Skopje<br \/>\ntrvlado@finki.ukim.mk<\/p>\n<\/div><\/div><div class=\"w-separator size_custom\" style=\"height:0.6rem\"><\/div><div class=\"wpb_text_column us_custom_b8973c5f\"><div class=\"wpb_wrapper\"><p><strong>Prof. Dr. Michael A. Herzog<\/strong><br \/>\nWirtschaftsinformatik<br \/>\nHochschule Magdeburg-Stendal<br \/>\nmichael.herzog@h2.de<\/p>\n<\/div><\/div><div class=\"w-separator size_small\"><\/div><div class=\"w-text us_custom_32940c00 has_text_color\"><span class=\"w-text-h\"><span class=\"w-text-value\">Website:<\/span><\/span><\/div><div class=\"w-separator size_custom\" style=\"height:0.6rem\"><\/div><div class=\"wpb_text_column\"><div class=\"wpb_wrapper\"><p style=\"padding-left: 40px;\"><a href=\"https:\/\/cleanbreathe.finki.ukim.mk\/\" target=\"_blank\" rel=\"noopener\">cleanbreathe.eu<\/a><\/p>\n<\/div><\/div><\/div><\/div><\/div><\/div><\/section><section class=\"l-section wpb_row height_auto\"><div class=\"l-section-h i-cf\"><div class=\"g-cols vc_row via_grid cols_1 laptops-cols_inherit tablets-cols_inherit mobiles-cols_1 valign_top type_default stacking_default\"><div class=\"wpb_column vc_column_container\"><div class=\"vc_column-inner\"><div class=\"w-separator size_small\"><\/div><div class=\"w-text us_custom_b01cd5ea has_text_color\"><span class=\"w-text-h\"><span class=\"w-text-value\">Galerie<\/span><\/span><\/div><div class=\"w-separator size_small\"><\/div><div class=\"w-separator size_custom\" style=\"height:0.6rem\"><\/div><div class=\"w-grid us_carousel type_carousel layout_gallery_default preload_style_spinner items_3\" id=\"us_grid_1\" style=\"--items:3;--gap:1.5rem;\"><style>.layout_gallery_default .w-grid-item-h{}<\/style><div class=\"w-grid-list owl-carousel valign_stretch dotstyle_circle navstyle_circle arrows-ver-pos_middle arrows-hor-pos_on_sides_outside arrows-disabled_hide owl-responsive-2000 with_arrows\" style=\"--transition-duration:350ms;--arrows-size:1.5rem;--arrows-hor-offset:calc(0px + 1.5rem);--arrows-gap:10px;\">\t<article class=\"w-grid-item post-7935 attachment type-attachment status-inherit hentry\" data-id=\"7935\">\r\n\t\t<div class=\"w-grid-item-h\">\r\n\t\t\t\t\t\t<div class=\"w-post-elm post_image usg_post_image_1 stretched\"><img loading=\"lazy\" decoding=\"async\" width=\"1200\" height=\"801\" src=\"https:\/\/spirit.h2.de\/spirit\/wp-content\/uploads\/2022\/06\/CleanBREATHE_Cover2-1280x854.jpg\" class=\"attachment-large size-large\" alt=\"\" srcset=\"https:\/\/spirit.h2.de\/spirit\/wp-content\/uploads\/2022\/06\/CleanBREATHE_Cover2-1280x854.jpg 1280w, https:\/\/spirit.h2.de\/spirit\/wp-content\/uploads\/2022\/06\/CleanBREATHE_Cover2-640x427.jpg 640w, https:\/\/spirit.h2.de\/spirit\/wp-content\/uploads\/2022\/06\/CleanBREATHE_Cover2-18x12.jpg 18w\" sizes=\"auto, (max-width: 1200px) 100vw, 1200px\" \/><\/div>\t\t<\/div>\r\n\t\t\t<\/article>\r\n<\/div><div class=\"w-grid-carousel-json hidden\" onclick='return {&quot;carousel_settings&quot;:{&quot;aria_labels&quot;:{&quot;prev&quot;:&quot;Zur\\u00fcck&quot;,&quot;next&quot;:&quot;Weiter&quot;},&quot;autoplayContinual&quot;:false,&quot;autoplayHoverPause&quot;:false,&quot;autoplayTimeout&quot;:3000,&quot;autoWidth&quot;:false,&quot;smartSpeed&quot;:350,&quot;margin&quot;:0,&quot;mouseDrag&quot;:true,&quot;rtl&quot;:false,&quot;slideBy&quot;:&quot;1&quot;,&quot;touchDrag&quot;:true,&quot;slideTransition&quot;:&quot;&quot;,&quot;responsive&quot;:{&quot;0&quot;:{&quot;autoHeight&quot;:false,&quot;autoplay&quot;:true,&quot;autoWidth&quot;:false,&quot;center&quot;:false,&quot;dots&quot;:false,&quot;items&quot;:1,&quot;loop&quot;:false,&quot;nav&quot;:false,&quot;stagePadding&quot;:0,&quot;slideBy&quot;:&quot;1&quot;},&quot;601&quot;:{&quot;autoHeight&quot;:false,&quot;autoplay&quot;:true,&quot;autoWidth&quot;:false,&quot;center&quot;:false,&quot;dots&quot;:false,&quot;items&quot;:2,&quot;loop&quot;:false,&quot;nav&quot;:true,&quot;stagePadding&quot;:0,&quot;slideBy&quot;:&quot;1&quot;},&quot;1025&quot;:{&quot;autoHeight&quot;:false,&quot;autoplay&quot;:true,&quot;autoWidth&quot;:false,&quot;center&quot;:false,&quot;dots&quot;:false,&quot;items&quot;:3,&quot;loop&quot;:false,&quot;nav&quot;:true,&quot;stagePadding&quot;:0,&quot;slideBy&quot;:&quot;1&quot;},&quot;1281&quot;:{&quot;items&quot;:3,&quot;autoplay&quot;:false,&quot;center&quot;:false,&quot;dots&quot;:false,&quot;nav&quot;:true,&quot;autoHeight&quot;:false,&quot;autoWidth&quot;:false,&quot;loop&quot;:false,&quot;stagePadding&quot;:0}}}}'><\/div><\/div><div class=\"w-separator size_huge\"><\/div><\/div><\/div><\/div><\/div><\/section>\n","protected":false},"excerpt":{"rendered":"","protected":false},"author":7,"featured_media":7935,"parent":4137,"menu_order":0,"comment_status":"closed","ping_status":"closed","template":"","meta":{"_acf_changed":false,"footnotes":""},"categories":[],"tags":[],"class_list":["post-4521","page","type-page","status-publish","has-post-thumbnail","hentry"],"translation":{"provider":"WPGlobus","version":"3.0.1","language":"de","enabled_languages":["de","en"],"languages":{"de":{"title":true,"content":true,"excerpt":false},"en":{"title":true,"content":true,"excerpt":false}}},"acf":[],"_links":{"self":[{"href":"https:\/\/spirit.h2.de\/spirit\/wp-json\/wp\/v2\/pages\/4521","targetHints":{"allow":["GET"]}}],"collection":[{"href":"https:\/\/spirit.h2.de\/spirit\/wp-json\/wp\/v2\/pages"}],"about":[{"href":"https:\/\/spirit.h2.de\/spirit\/wp-json\/wp\/v2\/types\/page"}],"author":[{"embeddable":true,"href":"https:\/\/spirit.h2.de\/spirit\/wp-json\/wp\/v2\/users\/7"}],"replies":[{"embeddable":true,"href":"https:\/\/spirit.h2.de\/spirit\/wp-json\/wp\/v2\/comments?post=4521"}],"version-history":[{"count":177,"href":"https:\/\/spirit.h2.de\/spirit\/wp-json\/wp\/v2\/pages\/4521\/revisions"}],"predecessor-version":[{"id":17273,"href":"https:\/\/spirit.h2.de\/spirit\/wp-json\/wp\/v2\/pages\/4521\/revisions\/17273"}],"up":[{"embeddable":true,"href":"https:\/\/spirit.h2.de\/spirit\/wp-json\/wp\/v2\/pages\/4137"}],"wp:featuredmedia":[{"embeddable":true,"href":"https:\/\/spirit.h2.de\/spirit\/wp-json\/wp\/v2\/media\/7935"}],"wp:attachment":[{"href":"https:\/\/spirit.h2.de\/spirit\/wp-json\/wp\/v2\/media?parent=4521"}],"wp:term":[{"taxonomy":"category","embeddable":true,"href":"https:\/\/spirit.h2.de\/spirit\/wp-json\/wp\/v2\/categories?post=4521"},{"taxonomy":"post_tag","embeddable":true,"href":"https:\/\/spirit.h2.de\/spirit\/wp-json\/wp\/v2\/tags?post=4521"}],"curies":[{"name":"wp","href":"https:\/\/api.w.org\/{rel}","templated":true}]}}