{"id":4507,"date":"2022-05-11T08:50:23","date_gmt":"2022-05-11T06:50:23","guid":{"rendered":"https:\/\/spirit.h2.de\/wordpress\/?page_id=4507"},"modified":"2023-11-27T15:38:44","modified_gmt":"2023-11-27T14:38:44","slug":"trac-teaching-and-learning-research-across-countries","status":"publish","type":"page","link":"https:\/\/spirit.h2.de\/spirit\/projekte\/trac-teaching-and-learning-research-across-countries\/","title":{"rendered":"TRAC \u2013 Teaching and Learning Research Across Countries"},"content":{"rendered":"<section class=\"l-section wpb_row height_custom\"><div class=\"l-section-h i-cf\"><div class=\"g-cols vc_row via_grid cols_1 laptops-cols_inherit tablets-cols_inherit mobiles-cols_1 valign_top type_default stacking_default\"><div class=\"wpb_column vc_column_container\"><div class=\"vc_column-inner\"><div class=\"wpb_text_column\"><div class=\"wpb_wrapper\"><\/div><\/div><\/div><\/div><\/div><\/div><\/section><section class=\"l-section wpb_row height_auto\"><div class=\"l-section-h i-cf\"><div class=\"g-cols vc_row via_grid cols_1 laptops-cols_inherit tablets-cols_inherit mobiles-cols_1 valign_top type_default stacking_default\"><div class=\"wpb_column vc_column_container\"><div class=\"vc_column-inner\"><div class=\"w-separator size_small\"><\/div><div class=\"w-separator size_small\"><\/div><div class=\"w-text us_custom_ccb6e813 has_text_color\"><span class=\"w-text-h\"><span class=\"w-text-value\">TRAC<\/span><\/span><\/div><div class=\"w-separator size_custom\" style=\"height:\"><\/div><div class=\"w-text us_custom_a3fc07dd has_text_color\"><span class=\"w-text-h\"><span class=\"w-text-value\">Teaching and Learning Research Across Countries<\/span><\/span><\/div><div class=\"w-separator size_medium\"><\/div><div class=\"wpb_column vc_column_container\"><div class=\"vc_column-inner\"><div class=\"w-image has_ratio align_none\"><div class=\"w-image-h\"><div style=\"padding-bottom:38.0952%\"><\/div><img decoding=\"async\" width=\"1280\" height=\"864\" src=\"https:\/\/spirit.h2.de\/spirit\/wp-content\/uploads\/2022\/05\/borders.jpg\" class=\"attachment-full size-full\" alt=\"\" loading=\"lazy\" \/><\/div><\/div><\/div><\/div><\/div><\/div><\/div><\/div><\/section><section class=\"l-section wpb_row height_medium\"><div class=\"l-section-h i-cf\"><div class=\"g-cols vc_row via_grid cols_2-1 laptops-cols_inherit tablets-cols_inherit mobiles-cols_1 valign_top type_default stacking_default\" style=\"--columns-gap:5rem;\"><div class=\"wpb_column vc_column_container\"><div class=\"vc_column-inner\"><div class=\"w-text us_custom_6a6cb6e4 has_text_color\"><span class=\"w-text-h\"><span class=\"w-text-value\">Ausbau und Implementierung eines digital-kollaborativen Lehr-Lernangebots auf internationaler Ebene<\/span><\/span><\/div><div class=\"w-separator size_small\"><\/div><div class=\"wpb_text_column\"><div class=\"wpb_wrapper\"><p>Die Globalisierung nimmt auch in der Bildung und Wissenschaft stetig zu, sodass interkulturelle und internationale Erfahrungen bereits in der Lehre essentiell wichtig werden. Die Digitalisierung bietet die M\u00f6glichkeit f\u00fcr vielf\u00e4ltige Zugangs- und Kooperationsoptionen, welche sich das internationale Forschungsprojekt \u201eTRAC \u2013 Teaching and Learning Research Across Countries\u201c optimal zu Nutzen macht. Aufbauend auf einer 10-j\u00e4hrigen Forschungs-und Lehrkooperation der Cross Teaching Kurse mit der Johannes Kepler Universit\u00e4t Linz und der Fachhochschule Ober\u00f6sterreich wird im Rahmen des Projektes ein Blended Learning Kurs zum Forschenden Lernen auf Masterniveau weiterentwickelt. Dieser soll in Zukunft in Zusammenarbeit mit weiteren Partnerhochschulen in \u00d6sterreich, der Slowakei, Nordmazedonien und Jordanien inhaltlich und technisch weiter ausgestaltet und in das Lehrprogramm der Kooperationspartner integriert werden.<\/p>\n<\/div><\/div><div class=\"w-separator size_large\"><\/div><div class=\"w-text us_custom_6a6cb6e4 has_text_color\"><span class=\"w-text-h\"><span class=\"w-text-value\">Digitales Lehren und Lernen im internationalen Austausch<\/span><\/span><\/div><div class=\"w-separator size_small\"><\/div><div class=\"wpb_text_column\"><div class=\"wpb_wrapper\"><p>Das langerprobte Blended Learning, eine Kombination aus virtuellen und nicht-virtuellen Lernsettings und -methoden, erm\u00f6glicht einen hochschul\u00fcbergreifenden Austausch und soll vor allem die digitalen Kompetenzen der Studierenden st\u00e4rken. Eine digitale Aufbereitung der Seminarinhalte er\u00f6ffnet den Studierenden die M\u00f6glichkeit sich jenseits klassischer Vortragssituationen tiefgreifend und intensiv mit den fachlichen Inhalten und wissenschaftlichen Methoden auseinanderzusetzen. Neben den fachlichen und wissenschaftlichen Kenntnissen, sollen die Kurse vor allem dazu dienen, die digitalen Kompetenzen der Studierenden zu st\u00e4rken. Sie eignen sich im interaktiven Austausch den technischen Umgang mit Medien an und erlernen sich souver\u00e4n in diesen zu bewegen, um optimal auf zuk\u00fcnftige Berufe in der Wirtschaft und Verwaltung vorbereitet zu sein. Zudem werden durch die Kooperationskurse die interkulturellen Kompetenzen sowie die Teamf\u00e4higkeit besonders gef\u00f6rdert. Zwei hierf\u00fcr wichtige Aspekte, das Peer Learning und Peer Feedback, werden in allen Phasen des Lernsettings genutzt und unterst\u00fctzen als Methoden die Interaktion der Studierenden und das selbstst\u00e4ndige Lernen in den verschiedenen Arbeitsphasen.<\/p>\n<\/div><\/div><div class=\"w-separator size_large\"><\/div><div class=\"w-text us_custom_b01cd5ea has_text_color\"><span class=\"w-text-h\"><span class=\"w-text-value\">Entwicklung<\/span><\/span><\/div><div class=\"w-separator size_small\"><\/div><div class=\"wpb_text_column\"><div class=\"wpb_wrapper\"><p>Bislang haben interdisziplin\u00e4re Studierendenteams der Hochschule Magdeburg-Stendal, Johannes Kepler Universit\u00e4t Linz und Fachhochschule Ober\u00f6sterreich virtuell an den Forschungsprojekten zusammengearbeitet. Im TRAC-Projekt soll der Kurs nun technisch und organisatorisch weiterentwickelt werden, mit dem Ziel einer breiteren Internationalisierung der Kooperation. Der digital gest\u00fctzte Anteil der Lehre kann durch englischsprachige und interkulturelle Anpassungen an internationale Bedingungen angepasst werden und erm\u00f6glicht neue Lehr-Lernarrangements. Das gemeinsame Arbeiten wird unabh\u00e4ngig von r\u00e4umlichen und zeitlichen Grenzen in den Mittelpunkt ger\u00fcckt. Dar\u00fcber hinaus besch\u00e4ftigt sich das TRAC-Projekt mit den organisatorischen und technischen Herausforderungen des internationalen Lernszenarios.<\/p>\n<\/div><\/div><div class=\"w-separator size_large\"><\/div><div class=\"w-separator size_small\"><\/div><\/div><\/div><div class=\"wpb_column vc_column_container\"><div class=\"vc_column-inner\"><div class=\"w-text us_custom_b01cd5ea has_text_color\"><span class=\"w-text-h\"><span class=\"w-text-value\">Eckdaten<\/span><\/span><\/div><div class=\"w-separator size_small\"><\/div><div class=\"w-text us_custom_32940c00 has_text_color\"><span class=\"w-text-h\"><span class=\"w-text-value\">Laufzeit<\/span><\/span><\/div><div class=\"w-separator size_custom\" style=\"height:0.6rem\"><\/div><div class=\"wpb_text_column\"><div class=\"wpb_wrapper\"><ul>\n<li style=\"list-style-type: none;\">\n<ul>01.12.2020-31.12.2021<\/ul>\n<\/li>\n<\/ul>\n<\/div><\/div><div class=\"w-separator size_small\"><\/div><div class=\"w-text us_custom_32940c00 has_text_color\"><span class=\"w-text-h\"><span class=\"w-text-value\">Verbundpartner*innen<\/span><\/span><\/div><div class=\"w-separator size_custom\" style=\"height:0.6rem\"><\/div><div class=\"wpb_text_column\"><div class=\"wpb_wrapper\"><ul>\n<li>Hochschule Magdeburg-Stendal<br \/>\nFachbereich Wirtschaft<\/li>\n<li>Johannes Kepler\u00a0Universit\u00e4t Linz<br \/>\nInstitut f\u00fcr Digital Business<\/li>\n<li>Fachhochschule Ober\u00f6sterreich<br \/>\nStudiengang Digital Business Management<\/li>\n<li>Ss. Cyril and Methodius University in Skopije (SCMU),<br \/>\nNordmazedonien<br \/>\nFakult\u00e4t f\u00fcr Informatik (FCSE)<\/li>\n<li>Comenius University Bratislava<br \/>\nSlovakia<\/li>\n<li>Nelson Mandela University, Port Elisabeth<br \/>\nSouth Africa<\/li>\n<\/ul>\n<\/div><\/div><div class=\"w-separator size_small\"><\/div><div class=\"w-text us_custom_32940c00 has_text_color\"><span class=\"w-text-h\"><span class=\"w-text-value\">F\u00f6rdermittelgebende<\/span><\/span><\/div><div class=\"w-separator size_custom\" style=\"height:0.6rem\"><\/div><div class=\"wpb_text_column\"><div class=\"wpb_wrapper\"><ul>\n<li>Bundesministerium f\u00fcr Bildung und Forschung (BMBF)<\/li>\n<li>Deutscher Akademischer Austauschdienst (DAAD) Programm IVAC<\/li>\n<\/ul>\n<\/div><\/div><div class=\"w-separator size_small\"><\/div><div class=\"w-text us_custom_32940c00 has_text_color\"><span class=\"w-text-h\"><span class=\"w-text-value\">Wissenschaftler*innen:<\/span><\/span><\/div><div class=\"w-separator size_custom\" style=\"height:0.6rem\"><\/div><div class=\"wpb_text_column us_custom_b8973c5f\"><div class=\"wpb_wrapper\"><p><strong>Dr. Elke M\u00e4hlitz-Galler<\/strong><br \/>\nWiss. Mitarbeiterin<br \/>\nHochschule Magdeburg-Stendal<br \/>\nspirit@h2.de<\/p>\n<\/div><\/div><div class=\"w-separator size_custom\" style=\"height:0.6rem\"><\/div><div class=\"wpb_text_column us_custom_b8973c5f\"><div class=\"wpb_wrapper\"><p><strong>Leonore Franz, M.A.<\/strong><br \/>\nWiss. Mitarbeiterin<br \/>\nHochschule Magdeburg-Stendal<br \/>\nspirit@h2.de<\/p>\n<\/div><\/div><div class=\"w-separator size_custom\" style=\"height:0.6rem\"><\/div><div class=\"wpb_text_column us_custom_b8973c5f\"><div class=\"wpb_wrapper\"><p><strong>Amelie Ries, B.A.<\/strong><br \/>\nProjektmitarbeiterin<br \/>\nHochschule Magdeburg-Stendal<br \/>\nspirit@h2.de<\/p>\n<\/div><\/div><div class=\"w-separator size_custom\" style=\"height:0.6rem\"><\/div><div class=\"wpb_text_column us_custom_b8973c5f\"><div class=\"wpb_wrapper\"><p><strong>Prof. Dr. Michael A. Herzog<\/strong><br \/>\nProjektleiter<br \/>\nHochschule Magdeburg-Stendal<br \/>\nmichael.herzog@h2.de<\/p>\n<\/div><\/div><\/div><\/div><\/div><\/div><\/section><section class=\"l-section wpb_row height_auto\"><div class=\"l-section-h i-cf\"><div class=\"g-cols vc_row via_grid cols_1 laptops-cols_inherit tablets-cols_inherit mobiles-cols_1 valign_top type_default stacking_default\"><div class=\"wpb_column vc_column_container\"><div class=\"vc_column-inner\"><div class=\"w-separator size_small\"><\/div><div class=\"w-text us_custom_b01cd5ea has_text_color\"><span class=\"w-text-h\"><span class=\"w-text-value\">Galerie<\/span><\/span><\/div><div class=\"w-separator size_small\"><\/div><div class=\"w-separator size_custom\" style=\"height:0.6rem\"><\/div><div class=\"w-grid us_carousel type_carousel layout_gallery_default preload_style_spinner items_3\" id=\"us_grid_1\" style=\"--items:3;--gap:1.5rem;\"><style>.layout_gallery_default .w-grid-item-h{}<\/style><div class=\"w-grid-list owl-carousel valign_stretch dotstyle_circle navstyle_circle arrows-ver-pos_middle arrows-hor-pos_on_sides_outside arrows-disabled_hide owl-responsive-2000 with_arrows\" style=\"--transition-duration:350ms;--arrows-size:1.5rem;--arrows-hor-offset:calc(0px + 1.5rem);--arrows-gap:10px;\">\t<article class=\"w-grid-item post-4811 attachment type-attachment status-inherit hentry\" data-id=\"4811\">\r\n\t\t<div class=\"w-grid-item-h\">\r\n\t\t\t\t\t\t<div class=\"w-post-elm post_image usg_post_image_1 stretched\"><img loading=\"lazy\" decoding=\"async\" width=\"1200\" height=\"810\" src=\"https:\/\/spirit.h2.de\/spirit\/wp-content\/uploads\/2022\/05\/borders.jpg\" class=\"attachment-large size-large\" alt=\"\" srcset=\"https:\/\/spirit.h2.de\/spirit\/wp-content\/uploads\/2022\/05\/borders.jpg 1280w, https:\/\/spirit.h2.de\/spirit\/wp-content\/uploads\/2022\/05\/borders-640x432.jpg 640w, https:\/\/spirit.h2.de\/spirit\/wp-content\/uploads\/2022\/05\/borders-18x12.jpg 18w\" sizes=\"auto, (max-width: 1200px) 100vw, 1200px\" \/><\/div>\t\t<\/div>\r\n\t\t\t<\/article>\r\n<\/div><div class=\"w-grid-carousel-json hidden\" onclick='return {&quot;carousel_settings&quot;:{&quot;aria_labels&quot;:{&quot;prev&quot;:&quot;Zur\\u00fcck&quot;,&quot;next&quot;:&quot;Weiter&quot;},&quot;autoplayContinual&quot;:false,&quot;autoplayHoverPause&quot;:false,&quot;autoplayTimeout&quot;:3000,&quot;autoWidth&quot;:false,&quot;smartSpeed&quot;:350,&quot;margin&quot;:0,&quot;mouseDrag&quot;:true,&quot;rtl&quot;:false,&quot;slideBy&quot;:&quot;1&quot;,&quot;touchDrag&quot;:true,&quot;slideTransition&quot;:&quot;&quot;,&quot;responsive&quot;:{&quot;0&quot;:{&quot;autoHeight&quot;:false,&quot;autoplay&quot;:true,&quot;autoWidth&quot;:false,&quot;center&quot;:false,&quot;dots&quot;:false,&quot;items&quot;:1,&quot;loop&quot;:false,&quot;nav&quot;:false,&quot;stagePadding&quot;:0,&quot;slideBy&quot;:&quot;1&quot;},&quot;601&quot;:{&quot;autoHeight&quot;:false,&quot;autoplay&quot;:true,&quot;autoWidth&quot;:false,&quot;center&quot;:false,&quot;dots&quot;:false,&quot;items&quot;:2,&quot;loop&quot;:false,&quot;nav&quot;:true,&quot;stagePadding&quot;:0,&quot;slideBy&quot;:&quot;1&quot;},&quot;1025&quot;:{&quot;autoHeight&quot;:false,&quot;autoplay&quot;:true,&quot;autoWidth&quot;:false,&quot;center&quot;:false,&quot;dots&quot;:false,&quot;items&quot;:3,&quot;loop&quot;:false,&quot;nav&quot;:true,&quot;stagePadding&quot;:0,&quot;slideBy&quot;:&quot;1&quot;},&quot;1281&quot;:{&quot;items&quot;:3,&quot;autoplay&quot;:false,&quot;center&quot;:false,&quot;dots&quot;:false,&quot;nav&quot;:true,&quot;autoHeight&quot;:false,&quot;autoWidth&quot;:false,&quot;loop&quot;:false,&quot;stagePadding&quot;:0}}}}'><\/div><\/div><div class=\"w-separator size_huge\"><\/div><\/div><\/div><\/div><\/div><\/section>\n","protected":false},"excerpt":{"rendered":"","protected":false},"author":7,"featured_media":4811,"parent":4137,"menu_order":0,"comment_status":"closed","ping_status":"closed","template":"","meta":{"_acf_changed":false,"footnotes":""},"categories":[],"tags":[],"class_list":["post-4507","page","type-page","status-publish","has-post-thumbnail","hentry"],"translation":{"provider":"WPGlobus","version":"3.0.1","language":"de","enabled_languages":["de","en"],"languages":{"de":{"title":true,"content":true,"excerpt":false},"en":{"title":false,"content":true,"excerpt":false}}},"acf":[],"_links":{"self":[{"href":"https:\/\/spirit.h2.de\/spirit\/wp-json\/wp\/v2\/pages\/4507","targetHints":{"allow":["GET"]}}],"collection":[{"href":"https:\/\/spirit.h2.de\/spirit\/wp-json\/wp\/v2\/pages"}],"about":[{"href":"https:\/\/spirit.h2.de\/spirit\/wp-json\/wp\/v2\/types\/page"}],"author":[{"embeddable":true,"href":"https:\/\/spirit.h2.de\/spirit\/wp-json\/wp\/v2\/users\/7"}],"replies":[{"embeddable":true,"href":"https:\/\/spirit.h2.de\/spirit\/wp-json\/wp\/v2\/comments?post=4507"}],"version-history":[{"count":26,"href":"https:\/\/spirit.h2.de\/spirit\/wp-json\/wp\/v2\/pages\/4507\/revisions"}],"predecessor-version":[{"id":13317,"href":"https:\/\/spirit.h2.de\/spirit\/wp-json\/wp\/v2\/pages\/4507\/revisions\/13317"}],"up":[{"embeddable":true,"href":"https:\/\/spirit.h2.de\/spirit\/wp-json\/wp\/v2\/pages\/4137"}],"wp:featuredmedia":[{"embeddable":true,"href":"https:\/\/spirit.h2.de\/spirit\/wp-json\/wp\/v2\/media\/4811"}],"wp:attachment":[{"href":"https:\/\/spirit.h2.de\/spirit\/wp-json\/wp\/v2\/media?parent=4507"}],"wp:term":[{"taxonomy":"category","embeddable":true,"href":"https:\/\/spirit.h2.de\/spirit\/wp-json\/wp\/v2\/categories?post=4507"},{"taxonomy":"post_tag","embeddable":true,"href":"https:\/\/spirit.h2.de\/spirit\/wp-json\/wp\/v2\/tags?post=4507"}],"curies":[{"name":"wp","href":"https:\/\/api.w.org\/{rel}","templated":true}]}}