{"id":4145,"date":"2022-04-04T13:44:25","date_gmt":"2022-04-04T11:44:25","guid":{"rendered":"https:\/\/spirit.h2.de\/wordpress\/?page_id=4145"},"modified":"2023-09-07T08:56:49","modified_gmt":"2023-09-07T06:56:49","slug":"labor","status":"publish","type":"page","link":"https:\/\/spirit.h2.de\/spirit\/labor\/","title":{"rendered":"Labor"},"content":{"rendered":"<section class=\"l-section wpb_row height_auto\"><div class=\"l-section-h i-cf\"><div class=\"g-cols vc_row via_grid cols_1 laptops-cols_inherit tablets-cols_inherit mobiles-cols_1 valign_top type_default stacking_default\"><div class=\"wpb_column vc_column_container\"><div class=\"vc_column-inner\"><div class=\"w-separator size_small\"><\/div><div class=\"w-separator size_small\"><\/div><div class=\"w-text us_custom_ccb6e813 has_text_color\"><span class=\"w-text-h\"><span class=\"w-text-value\">LeIK-Lab<\/span><\/span><\/div><div class=\"w-separator size_custom\" style=\"height:0.9rem\"><\/div><div class=\"w-text us_custom_a3fc07dd has_text_color\"><span class=\"w-text-h\"><span class=\"w-text-value\">Lern-, Interaktions- und Konsumentenforschung<\/span><\/span><\/div><div class=\"w-separator size_small\"><\/div><div class=\"wpb_column vc_column_container\"><div class=\"vc_column-inner\"><div class=\"w-image has_ratio align_none\"><div class=\"w-image-h\"><div style=\"padding-bottom:38.0952%\"><\/div><img decoding=\"async\" width=\"1280\" height=\"800\" src=\"https:\/\/spirit.h2.de\/spirit\/wp-content\/uploads\/2022\/07\/Ete-Tracking_Lab_iMotions.png\" class=\"attachment-full size-full\" alt=\"\" loading=\"lazy\" \/><\/div><\/div><\/div><\/div><div class=\"g-cols wpb_row via_grid cols_custom laptops-cols_inherit tablets-cols_inherit mobiles-cols_1 valign_top type_default stacking_default\" style=\"--columns-gap:3rem;\"><\/div><div class=\"g-cols wpb_row via_grid cols_custom laptops-cols_inherit tablets-cols_inherit mobiles-cols_1 valign_top type_default stacking_default\" style=\"--columns-gap:3rem;\"><\/div><\/div><\/div><\/div><\/div><\/section><section class=\"l-section wpb_row height_medium\"><div class=\"l-section-h i-cf\"><div class=\"g-cols vc_row via_grid cols_custom laptops-cols_inherit tablets-cols_inherit mobiles-cols_1 valign_top type_default stacking_default\" style=\"--columns-gap:5rem;--custom-columns:4fr 2fr 6fr \"><div class=\"wpb_column vc_column_container\"><div class=\"vc_column-inner\"><div class=\"w-text us_custom_6a6cb6e4 has_text_color\"><span class=\"w-text-h\"><span class=\"w-text-value\">Eye Tracking Lab am Hochschulstandort Magdeburg<\/span><\/span><\/div><div class=\"w-separator size_small\"><\/div><div class=\"wpb_text_column\"><div class=\"wpb_wrapper\"><p class=\"p1\">Das Lern-, Interaktions- und Konsumentenforschung-Labor (LeIK-Lab) wird<br \/>\naktuell am Hochschulstandort Magdeburg durch die wissenschaftlichen<br \/>\nMitarbeiterinnen des Forschungsprojektes PIL (PraxisInnovation-Labor)<br \/>\ngefu\u0308hrt. Das Lab wird gegenw\u00e4rtig fu\u0308r die pr\u00e4zise Durchfu\u0308hrung und<br \/>\nAuswertung von User Studies verwendet. Daru\u0308ber hinaus wird das Lab<br \/>\nLehrveranstaltungen und anderen Forschungsvorhaben zur Verfu\u0308gung gestellt.<br \/>\nDie Nachfrage nach gut gestalteten Schnittstellen zwischen Mensch und<br \/>\nMaschine steigt in vielen Fachbereichen. Dazu geh\u00f6ren an der Hochschule<br \/>\nMagdeburg-Stendal unter anderem die Studieng\u00e4nge Betriebswirtschaftslehre,<br \/>\nElektrotechnik, Maschinenbau und Mensch-Technik-Interaktion.<\/p>\n<\/div><\/div><div class=\"w-separator size_medium\"><\/div><div class=\"w-text us_custom_b01cd5ea has_text_color\"><span class=\"w-text-h\"><span class=\"w-text-value\">Ausstattung<\/span><\/span><\/div><div class=\"w-separator size_small\"><\/div><div class=\"wpb_text_column\"><div class=\"wpb_wrapper\"><p>Im LeIK-Lab befinden sich zwei voll ausgestattete Arbeitspl\u00e4tze, an denen geforscht werden kann. Diese sind ausgestattet mit:<\/p>\n<ul>\n<li>Monitor mit Webcam, Mouse, Tastatur, Lautsprecher und Kopfh\u00f6rer<\/li>\n<li>Eye Tracking Brille: Tobii Pro Eye Tracking Glasses<\/li>\n<li>VR-Brille: HTC Vive Pro Eye VR Headset<\/li>\n<li>Augmented Reality Brille: Leap Motion<\/li>\n<li>Tobii Pro Studio Software<\/li>\n<li>Screen-Based Eye Tracking System (Smart Eye Aurora)<\/li>\n<li>Facial Expression Analysis Modul<\/li>\n<\/ul>\n<p>Au\u00dferdem befinden sich ein Whiteboard, Moderationsmaterialien, eine Raumkamera und ein Aufnahmeger\u00e4t im Raum.<\/p>\n<\/div><\/div><div class=\"w-separator size_medium\"><\/div><div class=\"w-text us_custom_b01cd5ea has_text_color\"><span class=\"w-text-h\"><span class=\"w-text-value\">Forschungs- &amp; Anwendungsm\u00f6glichkeiten<\/span><\/span><\/div><div class=\"w-separator size_small\"><\/div><div class=\"wpb_text_column\"><div class=\"wpb_wrapper\"><p>Das Lab steht f\u00fcr unterschiedliche Test- und Evaluationsmethoden zur Verf\u00fcgung, z. B.:<\/p>\n<ul>\n<li>Workshops<\/li>\n<li>Interviews<\/li>\n<li>Beobachtungen<\/li>\n<li>Brain- und Bodystorming<\/li>\n<li>Erstellung von MindMaps oder<\/li>\n<li>die Aufzeichnung von Fokusgruppen, etc.<\/li>\n<\/ul>\n<p><strong>Usability &amp; User Experience<\/strong><\/p>\n<p>Das Labor kann zum Testen von Bildschirmanwendungen wie Webseiten, Apps, Benutzerportale oder Display-Bedienfelder f\u00fcr Maschinen genutzt werden. Dabei wird das Nutzerverhalten, die Usability von Webseiten und Software an station\u00e4ren und mobilen Endger\u00e4ten untersucht. Zur Qualit\u00e4ts- und Usability Testung der Interface-Technologien ist das Screen-Based Eye Tracking System (Smart Eye Aurora) vorgesehen. Integriert ist ein Facial Expression Analysis Modul das neben der handlungsbasierten Evaluation unbewusste, emotionale Reaktionen von Probanden erfassen kann.<br \/>\nAuch bei der Entwicklung von Prototypen kann das Labor benutzt werden. Bei der Recherche, Konzeption und Umsetzung neuer Ideen spielen die Anforderungsanalyse und Ermittlung der Bed\u00fcrfnisse der Zielgruppen eine zentrale Rolle. Gestaltungsprozesse werden zunehmend nutzerzentriert ausgerichtet, um L\u00f6sungen zu entwickeln, die auch in der Praxis nachhaltig Relevanz beweisen.<\/p>\n<p><strong>Konsumentenforschung<\/strong><\/p>\n<p>Im LeIK-Lab k\u00f6nnen au\u00dferdem Aufmerksamkeits- und Wahrnehmungsprozesse in Konsumkontexten untersucht werden. M\u00f6gliche Anwendungsfelder sind dabei die Analyse des Einkaufsverhaltens, der Kaufentscheidungen, des Verpackungsdesigns, der Ladengestaltung oder der Regalplatzierungen. Au\u00dferdem kann das Labor die Wirkung von Produktplatzierung untersuchen und weitere Werbung, wie Online Marketing, Printwerbung sowie Werbeanzeigen und Werbefilme in sozialen Medien evaluieren und optimieren. Zus\u00e4tzlich kann das mobile Equipment auch f\u00fcr Untersuchungen in realen Umgebungen wie Superm\u00e4rkten oder Einkaufsstra\u00dfen eingesetzt werden.<\/p>\n<p><strong>Lehr-Lernforschung<\/strong><\/p>\n<p>Das LeIK-Lab erm\u00f6glicht Forschung zum didaktischen Design und der Wirkung medienbasierten Lernens und Lehrens. Vorrangig beziehen sich die Studien auf Usability-Untersuchungen, die (Online-)Lernsysteme optimieren bzw. einzelne Kurse auf ihre Layout- sowie Strukturoptimierungspotenziale untersuchen. Dar\u00fcber hinaus k\u00f6nnen die Instrumente des LeIK-Labs auch im Seminarraum eingesetzt werden, um lernfo\u0308rdernde Umgebungen, optimierte Lernmaterialien und\/oder lern-effektive Kursdesigns zu testen und (weiter) zu entwickeln.<\/p>\n<\/div><\/div><div class=\"w-separator size_medium\"><\/div><div class=\"w-image has_ratio align_none\"><div class=\"w-image-h\"><div style=\"padding-bottom:100%\"><\/div><img decoding=\"async\" width=\"1200\" height=\"1798\" src=\"https:\/\/spirit.h2.de\/spirit\/wp-content\/uploads\/2022\/07\/eye-tracking-1280x1918.jpg\" class=\"attachment-large size-large\" alt=\"\" loading=\"lazy\" \/><\/div><\/div><div class=\"w-separator size_medium\"><\/div><div class=\"w-text us_custom_b01cd5ea has_text_color\"><span class=\"w-text-h\"><span class=\"w-text-value\">Anwendung in der Lehre<\/span><\/span><\/div><div class=\"w-separator size_small\"><\/div><div class=\"wpb_text_column\"><div class=\"wpb_wrapper\"><p class=\"p1\">Im Rahmen der Kurse des Master-Studiengangs Interaction Design wird das Labor fu\u0308r Realbeispiele der Nutzerforschung, Usablity und Experience\u00a0 Research, fu\u0308r erste Erfahrungen mit Studien und dem schreiben von Wissenschaftlichen Papers genutzt. Das Planen, Aufbauen, Durchfu\u0308hren und Auswerten der Nutzertests kann so unverf\u00e4nglich erprobt werden.<\/p>\n<\/div><\/div><div class=\"w-separator size_large\"><\/div><div class=\"w-text us_custom_b01cd5ea has_text_color\"><span class=\"w-text-h\"><span class=\"w-text-value\">Ver\u00f6ffentlichungen und Projekte<\/span><\/span><\/div><div class=\"w-separator size_small\"><\/div><div class=\"wpb_text_column\"><div class=\"wpb_wrapper\"><p>MARIUS GIESSMANN, CHRISTINE GOUTRI\u00c9, MICHAEL A. HERZOG<br \/>\nUnsichtbar und unverst\u00e4ndlich: Kennzeichnungen von Roboterjournalismus.<br \/>\nDachselt, R. &amp; Weber, G. (Hrsg.), Mensch und Computer 2018 &#8211; Tagungsband. Bonn: Gesellschaft f\u00fcr Informatik e.V<\/p>\n<\/div><\/div><\/div><\/div><div class=\"wpb_column vc_column_container\"><div class=\"vc_column-inner\"><div class=\"w-text us_custom_b01cd5ea has_text_color\"><span class=\"w-text-h\"><span class=\"w-text-value\">Ansprechpartner*innen<\/span><\/span><\/div><div class=\"w-separator size_small\"><\/div><div class=\"wpb_text_column\"><div class=\"wpb_wrapper\"><p class=\"p1\"><strong>Nils Suhr, M.A.<br \/>\n<\/strong>Wissenschaftlicher Mitarbeiter im Xperimaker-Lab<br \/>\n<span class=\"s1\">E-Mail: <\/span>nils.suhr@h2.de<\/p>\n<p class=\"p1\"><strong>Swantje van de Veen<br \/>\n<\/strong>studentische Mitarbeiterin bei h2d2<br \/>\n<span class=\"s1\">E-Mail: swantje.ven@stud.h2.de<\/span><\/p>\n<p><strong>Victoria Batz, M.A.<br \/>\n<\/strong>Wissenschaftliche Mitarbeiterin im Projekt CleanBREATHE<br \/>\n<span class=\"s1\">E-Mail: <\/span>victoria.batz@h2.de<\/p>\n<\/div><\/div><div class=\"w-separator size_medium\"><\/div><div class=\"w-text us_custom_b01cd5ea has_text_color\"><span class=\"w-text-h\"><span class=\"w-text-value\">Laborleitung<\/span><\/span><\/div><div class=\"w-separator size_small\"><\/div><div class=\"wpb_text_column\"><div class=\"wpb_wrapper\"><p class=\"p1\"><b>Prof. \u00a0Steffi Hu\u00dflein<br \/>\n<\/b>Interaction Design<br \/>\nFachbereich Ingenieurwissenschaften und Industriedesign<\/p>\n<p><strong>Prof. Dr.-Ing. Michael A. Herzog<\/strong><br \/>\nInformation Systems Engineering<br \/>\nFachbereich Wirtschaft<\/p>\n<p><strong>Prof. Dominik Schumacher<\/strong><br \/>\nInteraction Design Technologies<br \/>\nFachbereich Ingenieurwissenschaften und Industriedesign<\/p>\n<\/div><\/div><div class=\"w-separator size_custom\" style=\"height:0.6rem\"><\/div><\/div><\/div><div class=\"wpb_column vc_column_container\"><div class=\"vc_column-inner\"><\/div><\/div><\/div><\/div><\/section><div class=\"wpb_column vc_column_container\"><div class=\"vc_column-inner\"><\/div><\/div>\n","protected":false},"excerpt":{"rendered":"{:de}LeIK-LabLern-, Interaktions- und KonsumentenforschungEye Tracking Lab am Hochschulstandort MagdeburgDas Lern-, Interaktions- und Konsumentenforschung-Labor (LeIK-Lab) wird aktuell am Hochschulstandort Magdeburg durch die wissenschaftlichen Mitarbeiterinnen des Forschungsprojektes PIL (PraxisInnovation-Labor) gefu\u0308hrt. Das Lab wird gegenw\u00e4rtig fu\u0308r die pr\u00e4zise Durchfu\u0308hrung und Auswertung von User Studies verwendet. Daru\u0308ber hinaus wird das Lab Lehrveranstaltungen und anderen Forschungsvorhaben zur Verfu\u0308gung gestellt. Die...","protected":false},"author":7,"featured_media":8937,"parent":0,"menu_order":0,"comment_status":"closed","ping_status":"closed","template":"","meta":{"_acf_changed":false,"footnotes":""},"categories":[],"tags":[],"class_list":["post-4145","page","type-page","status-publish","has-post-thumbnail","hentry"],"translation":{"provider":"WPGlobus","version":"3.0.1","language":"de","enabled_languages":["de","en"],"languages":{"de":{"title":true,"content":true,"excerpt":false},"en":{"title":false,"content":true,"excerpt":false}}},"acf":[],"_links":{"self":[{"href":"https:\/\/spirit.h2.de\/spirit\/wp-json\/wp\/v2\/pages\/4145","targetHints":{"allow":["GET"]}}],"collection":[{"href":"https:\/\/spirit.h2.de\/spirit\/wp-json\/wp\/v2\/pages"}],"about":[{"href":"https:\/\/spirit.h2.de\/spirit\/wp-json\/wp\/v2\/types\/page"}],"author":[{"embeddable":true,"href":"https:\/\/spirit.h2.de\/spirit\/wp-json\/wp\/v2\/users\/7"}],"replies":[{"embeddable":true,"href":"https:\/\/spirit.h2.de\/spirit\/wp-json\/wp\/v2\/comments?post=4145"}],"version-history":[{"count":48,"href":"https:\/\/spirit.h2.de\/spirit\/wp-json\/wp\/v2\/pages\/4145\/revisions"}],"predecessor-version":[{"id":12771,"href":"https:\/\/spirit.h2.de\/spirit\/wp-json\/wp\/v2\/pages\/4145\/revisions\/12771"}],"wp:featuredmedia":[{"embeddable":true,"href":"https:\/\/spirit.h2.de\/spirit\/wp-json\/wp\/v2\/media\/8937"}],"wp:attachment":[{"href":"https:\/\/spirit.h2.de\/spirit\/wp-json\/wp\/v2\/media?parent=4145"}],"wp:term":[{"taxonomy":"category","embeddable":true,"href":"https:\/\/spirit.h2.de\/spirit\/wp-json\/wp\/v2\/categories?post=4145"},{"taxonomy":"post_tag","embeddable":true,"href":"https:\/\/spirit.h2.de\/spirit\/wp-json\/wp\/v2\/tags?post=4145"}],"curies":[{"name":"wp","href":"https:\/\/api.w.org\/{rel}","templated":true}]}}