{"id":16116,"date":"2025-03-16T17:38:39","date_gmt":"2025-03-16T16:38:39","guid":{"rendered":"https:\/\/spirit.h2.de\/spirit\/?page_id=16116"},"modified":"2026-03-16T11:16:50","modified_gmt":"2026-03-16T10:16:50","slug":"house-of-international-and-responsible-entrepreneurship-and-sustainability-hires","status":"publish","type":"page","link":"https:\/\/spirit.h2.de\/spirit\/projekte\/house-of-international-and-responsible-entrepreneurship-and-sustainability-hires\/","title":{"rendered":"HiRES &#8211; International Institute for Entrepreneurship and Sustainable Management"},"content":{"rendered":"<section class=\"l-section wpb_row height_auto\"><div class=\"l-section-h i-cf\"><div class=\"g-cols vc_row via_grid cols_1 laptops-cols_inherit tablets-cols_inherit mobiles-cols_1 valign_top type_default stacking_default\"><div class=\"wpb_column vc_column_container\"><div class=\"vc_column-inner\"><div class=\"w-separator size_small\"><\/div><div class=\"w-separator size_small\"><\/div><h2 class=\"w-post-elm post_title us_custom_ccb6e813 has_text_color entry-title color_link_inherit\">HiRES &#8211; International Institute for Entrepreneurship and Sustainable Management<\/h2><div class=\"w-separator size_medium\"><\/div><div class=\"wpb_column vc_column_container\"><div class=\"vc_column-inner\"><div class=\"w-image has_ratio align_none\"><div class=\"w-image-h\"><div style=\"padding-bottom:40.9091%\"><\/div><img decoding=\"async\" width=\"1200\" height=\"800\" src=\"https:\/\/spirit.h2.de\/spirit\/wp-content\/uploads\/2025\/03\/marvin-meyer-SYTO3xs06fU-unsplash-1280x853.jpg\" class=\"attachment-large size-large\" alt=\"\" loading=\"lazy\" \/><\/div><\/div><\/div><\/div><\/div><\/div><\/div><\/div><\/section><section class=\"l-section wpb_row height_medium\"><div class=\"l-section-h i-cf\"><div class=\"g-cols vc_row via_grid cols_2-1 laptops-cols_inherit tablets-cols_inherit mobiles-cols_1 valign_top type_default stacking_default\" style=\"--columns-gap:5rem;\"><div class=\"wpb_column vc_column_container\"><div class=\"vc_column-inner\"><div class=\"w-text us_custom_b01cd5ea has_text_color\"><span class=\"w-text-h\"><span class=\"w-text-value\">Projekt HiRES<\/span><\/span><\/div><div class=\"w-separator size_small\"><\/div><div class=\"wpb_text_column\"><div class=\"wpb_wrapper\"><p style=\"font-weight: 400;\"><strong>Projektidee<\/strong><\/p>\n<p style=\"font-weight: 400;\">Das Projekt\u00a0<strong>HiRES<\/strong>\u00a0verfolgt das Ziel, am\u00a0Fachbereich Wirtschaft der Hochschule Magdeburg-Stendal\u00a0ein Institut zu etablieren, das\u00a0<strong>Wissenschaft und Wirtschaft<\/strong>\u00a0verbindet und\u00a0<strong>Innovation, Unternehmertum sowie Nachhaltigkeit <\/strong>auf regionaler und internationaler Ebene f\u00f6rdert.<\/p>\n<p style=\"font-weight: 400;\"><strong>Hintergrund und Motivation<\/strong><\/p>\n<p style=\"font-weight: 400;\">Der Bedarf f\u00fcr HiRES entstand aus den Erfahrungen mit dem erfolgreichen Aufbau des Masterstudiengangs\u00a0<strong>Entrepreneurship and Innovation Management (MEsIM)<\/strong>, der gemeinsam mit der\u00a0<strong>German Jordanian University (GJU)<\/strong>\u00a0entwickelt wurde und im\u00a0<strong>Wintersemester 2024<\/strong>\u00a0gestartet ist.<\/p>\n<p style=\"font-weight: 400;\">Die Projektarbeit im Rahmen von MEsIM hat gezeigt, dass die bestehenden Hochschulstrukturen noch nicht vollst\u00e4ndig auf internationale Studieng\u00e4nge ausgerichtet sind. Daraus ergibt sich die Notwendigkeit einer gezielten\u00a0Organisations- und Strukturentwicklung\u00a0\u2013 hier setzt HiRES an.<\/p>\n<p style=\"font-weight: 400;\"><strong>Konzeption und Ausgangsbasis<\/strong><\/p>\n<p style=\"font-weight: 400;\">Die\u00a0Hochschule Magdeburg-Stendal\u00a0befindet sich in einer dynamischen Entwicklungsphase \u2013 insbesondere in den Bereichen\u00a0<strong>Internationalisierung<\/strong>,\u00a0<strong>unternehmerische Lehre<\/strong>\u00a0und\u00a0nachhaltige Hochschulentwicklung.<\/p>\n<p style=\"font-weight: 400;\">Bereits bestehende Studieng\u00e4nge wie\u00a0<strong>MEsIM<\/strong>\u00a0und\u00a0<strong>StREaM<\/strong>\u00a0haben Teams und Wissenspools geschaffen, die internationale Kooperationen f\u00f6rdern und hochschulweite Innovationsprozesse unterst\u00fctzen.<\/p>\n<p style=\"font-weight: 400;\"><strong>Strategische Internationalisierung<\/strong><\/p>\n<p style=\"font-weight: 400;\">Durch verschiedene Projekte hat die Hochschule umfangreiche Erfahrungen in der\u00a0<strong>Internationalisierung von Lehre und Forschung<\/strong>\u00a0gesammelt. Der\u00a0<strong>Fachbereich Wirtschaft<\/strong>\u00a0hat sich dabei zunehmend profiliert und spezialisiert.<\/p>\n<p style=\"font-weight: 400;\">HiRES kn\u00fcpft an diese Entwicklungen an und b\u00fcndelt die Aktivit\u00e4ten in\u00a0<strong>drei strategischen S\u00e4ulen<\/strong>.<\/p>\n<\/div><\/div><div class=\"w-separator size_large\"><\/div><div class=\"w-separator size_small\"><\/div><div class=\"w-image align_none\"><div class=\"w-image-h\"><img decoding=\"async\" width=\"1200\" height=\"635\" src=\"https:\/\/spirit.h2.de\/spirit\/wp-content\/uploads\/2025\/03\/Bildschirmfoto-2025-03-16-um-17.27.15-1280x677.png\" class=\"attachment-large size-large\" alt=\"\" loading=\"lazy\" srcset=\"https:\/\/spirit.h2.de\/spirit\/wp-content\/uploads\/2025\/03\/Bildschirmfoto-2025-03-16-um-17.27.15-1280x677.png 1280w, https:\/\/spirit.h2.de\/spirit\/wp-content\/uploads\/2025\/03\/Bildschirmfoto-2025-03-16-um-17.27.15-640x338.png 640w, https:\/\/spirit.h2.de\/spirit\/wp-content\/uploads\/2025\/03\/Bildschirmfoto-2025-03-16-um-17.27.15-1148x607.png 1148w, https:\/\/spirit.h2.de\/spirit\/wp-content\/uploads\/2025\/03\/Bildschirmfoto-2025-03-16-um-17.27.15-100x53.png 100w, https:\/\/spirit.h2.de\/spirit\/wp-content\/uploads\/2025\/03\/Bildschirmfoto-2025-03-16-um-17.27.15.png 1422w\" sizes=\"auto, (max-width: 1200px) 100vw, 1200px\" \/><\/div><\/div><div class=\"w-separator size_small\"><\/div><div class=\"wpb_text_column\"><div class=\"wpb_wrapper\"><p style=\"font-weight: 400;\"><strong>Die drei S\u00e4ulen von HiRES<\/strong><\/p>\n<p style=\"font-weight: 400;\"><strong>International Entrepreneurial Academy<\/strong><\/p>\n<p style=\"font-weight: 400;\"><strong>F\u00f6rderung internationaler Studienprogramme und Weiterbildungsangebote.<\/strong><br \/>\nDiese S\u00e4ule widmet sich der Entwicklung und Integration von:<\/p>\n<ul style=\"font-weight: 400;\">\n<li>Internationalen Studienprogrammen<\/li>\n<li>Zertifikatskursen und Microcredentials<\/li>\n<li>Formaten zur F\u00f6rderung unternehmerischer und nachhaltiger Managementkompetenzen<\/li>\n<\/ul>\n<p style=\"font-weight: 400;\"><strong>Ziele:<\/strong><\/p>\n<ul style=\"font-weight: 400;\">\n<li>Weiterentwicklung bestehender Programme (z. B. Bachelor\u00a0<strong>StREaM<\/strong>, Master\u00a0<strong>MEsIM<\/strong>)<\/li>\n<li>Aufbau neuer internationaler Lehr- und Weiterbildungsangebote<\/li>\n<\/ul>\n<p style=\"font-weight: 400;\"><strong>Regional Project Labs<\/strong><\/p>\n<p style=\"font-weight: 400;\"><strong>Lern- und Innovationsr\u00e4ume f\u00fcr regionale Nachhaltigkeitsprojekte.<\/strong><br \/>\nDie Project Labs schaffen praxisnahe Lernumgebungen, in denen Studierende, Unternehmen und Institutionen gemeinsam an\u00a0<strong>nachhaltigen Projekten<\/strong>\u00a0arbeiten.<\/p>\n<p style=\"font-weight: 400;\"><strong>Kernpunkte:<\/strong><\/p>\n<ul style=\"font-weight: 400;\">\n<li>Integration projektbasierten Lernens in die akademischen Lehrpl\u00e4ne<\/li>\n<li>Vernetzung regionaler und internationaler Partner<\/li>\n<li>F\u00f6rderung praxisorientierter, anwendungsnaher Lernprojekte<\/li>\n<\/ul>\n<p style=\"font-weight: 400;\"><strong>Global ThinkTank<\/strong><\/p>\n<p style=\"font-weight: 400;\"><strong>Internationale Plattform f\u00fcr nachhaltige Entwicklung und Resilienz.<\/strong><br \/>\nDer Global ThinkTank fungiert als\u00a0<strong>Wissens- und Ideenschmiede<\/strong>\u00a0zur F\u00f6rderung von Forschung, Austausch und internationaler Zusammenarbeit.<\/p>\n<p style=\"font-weight: 400;\"><strong>Schwerpunkte:<\/strong><\/p>\n<ul style=\"font-weight: 400;\">\n<li>Aufbau von Expertengremien und Task Forces<\/li>\n<li>Organisation internationaler Konferenzen und Workshops<\/li>\n<li>F\u00f6rderung anwendungsorientierter Forschung und regionaler Entwicklung<\/li>\n<\/ul>\n<p style=\"font-weight: 400;\"><strong>Umsetzung und Zielsetzung<\/strong><\/p>\n<p style=\"font-weight: 400;\">Die Umsetzung von HiRES erfolgt im Rahmen einer\u00a0<strong>partizipativen Struktur- und Organisationsentwicklung<\/strong>\u00a0mit direkter Anbindung an den\u00a0<strong>Fachbereich Wirtschaft<\/strong>.<\/p>\n<p style=\"font-weight: 400;\"><strong>Ziel:<\/strong><br \/>\nDer\u00a0<strong>Aufbau und die nachhaltige Etablierung<\/strong>\u00a0des Instituts sowie die Integration seiner drei S\u00e4ulen in Forschung, Lehre und Praxis.<\/p>\n<p style=\"font-weight: 400;\"><strong>Wirkung und Perspektive<\/strong><\/p>\n<p style=\"font-weight: 400;\">HiRES st\u00e4rkt die\u00a0<strong>interdisziplin\u00e4re Zusammenarbeit<\/strong>\u00a0und verkn\u00fcpft\u00a0<strong>unternehmerisches Denken, praxisorientierte Projektarbeit<\/strong>\u00a0und\u00a0<strong>wissenschaftliche Forschung<\/strong>.<\/p>\n<p style=\"font-weight: 400;\">Damit tr\u00e4gt das Projekt dazu bei, die\u00a0<strong>n\u00e4chste Generation von F\u00fchrungskr\u00e4ften<\/strong>\u00a0darauf vorzubereiten,<br \/>\nglobale Herausforderungen mit\u00a0<strong>Innovationsgeist, Nachhaltigkeitsbewusstsein<\/strong>\u00a0und einer\u00a0<strong>multikulturellen Perspektive<\/strong>\u00a0zu meistern.<\/p>\n<\/div><\/div><div class=\"w-separator size_large\"><\/div><\/div><\/div><div class=\"wpb_column vc_column_container\"><div class=\"vc_column-inner\"><div class=\"w-image align_left\"><div class=\"w-image-h\"><img decoding=\"async\" width=\"1200\" height=\"438\" src=\"https:\/\/spirit.h2.de\/spirit\/wp-content\/uploads\/2026\/03\/daad_logo_suppl_deen_h_basic_rgb-1280x467.png\" class=\"attachment-large size-large\" alt=\"\" loading=\"lazy\" srcset=\"https:\/\/spirit.h2.de\/spirit\/wp-content\/uploads\/2026\/03\/daad_logo_suppl_deen_h_basic_rgb-1280x467.png 1280w, https:\/\/spirit.h2.de\/spirit\/wp-content\/uploads\/2026\/03\/daad_logo_suppl_deen_h_basic_rgb-640x233.png 640w, https:\/\/spirit.h2.de\/spirit\/wp-content\/uploads\/2026\/03\/daad_logo_suppl_deen_h_basic_rgb-100x36.png 100w, https:\/\/spirit.h2.de\/spirit\/wp-content\/uploads\/2026\/03\/daad_logo_suppl_deen_h_basic_rgb.png 1300w\" sizes=\"auto, (max-width: 1200px) 100vw, 1200px\" \/><\/div><\/div><div class=\"w-text us_custom_b01cd5ea has_text_color\"><span class=\"w-text-h\"><span class=\"w-text-value\">Eckdaten<\/span><\/span><\/div><div class=\"w-separator size_small\"><\/div><div class=\"w-text us_custom_32940c00 has_text_color\"><span class=\"w-text-h\"><span class=\"w-text-value\">Laufzeit<\/span><\/span><\/div><div class=\"w-separator size_small\"><\/div><div class=\"wpb_text_column\"><div class=\"wpb_wrapper\"><p>01.01.2025 &#8211; 31.12.2027<\/p>\n<\/div><\/div><div class=\"w-separator size_small\"><\/div><div class=\"w-text us_custom_32940c00 has_text_color\"><span class=\"w-text-h\"><span class=\"w-text-value\">F\u00f6rderung<\/span><\/span><\/div><div class=\"w-separator size_small\"><\/div><div class=\"wpb_text_column\"><div class=\"wpb_wrapper\"><p>Deutscher Akademischer Austauschdienst (DAAD)<\/p>\n<\/div><\/div><div class=\"w-separator size_small\"><\/div><div class=\"w-text us_custom_32940c00 has_text_color\"><span class=\"w-text-h\"><span class=\"w-text-value\">Verbundpartner*innen<\/span><\/span><\/div><div class=\"w-separator size_custom\" style=\"height:0.6rem\"><\/div><div class=\"wpb_text_column\"><div class=\"wpb_wrapper\"><p>German Jordanian University (GJU), Jordanien<br \/>\nSs. Cyril and Methodius University in Skopje (UKIM), Nordmazedonien<br \/>\nAjeenkya DY Patil University, Indien<br \/>\nBIC Altmark Sachsen-Anhalt<\/p>\n<\/div><\/div><div class=\"w-separator size_custom\" style=\"height:0.6rem\"><\/div><div class=\"w-separator size_small\"><\/div><div class=\"w-text us_custom_32940c00 has_text_color\"><span class=\"w-text-h\"><span class=\"w-text-value\">Wissenschaftler*innen:<\/span><\/span><\/div><div class=\"w-separator size_custom\" style=\"height:0.6rem\"><\/div><div class=\"wpb_text_column\"><div class=\"wpb_wrapper\"><p><strong>Prof. Dr. Michael A. Herzog<\/strong>Wirtschaftsinformatik<br \/>\nHochschule Magdeburg-Stendal<br \/>\nmichael.herzog@h2.de<\/p>\n<\/div><\/div><div class=\"w-separator size_custom\" style=\"height:0.6rem\"><\/div><div class=\"wpb_text_column\"><div class=\"wpb_wrapper\"><p>Prof. Dr. Torsten Heitjans<\/p>\n<\/div><\/div><div class=\"w-separator size_custom\" style=\"height:0.6rem\"><\/div><div class=\"wpb_text_column\"><div class=\"wpb_wrapper\"><p>Daniel Nauck M.A.<\/p>\n<\/div><\/div><div class=\"w-separator size_custom\" style=\"height:0.6rem\"><\/div><div class=\"wpb_text_column\"><div class=\"wpb_wrapper\"><p>Matthias Kraut M.A.<\/p>\n<\/div><\/div><div class=\"w-separator size_custom\" style=\"height:0.6rem\"><\/div><div class=\"wpb_text_column\"><div class=\"wpb_wrapper\"><p>Armgard v. Bonin<\/p>\n<p>&nbsp;<\/p>\n<\/div><\/div><div class=\"w-separator size_custom\" style=\"height:0.6rem\"><\/div><\/div><\/div><\/div><\/div><\/section><section class=\"l-section wpb_row height_custom\"><div class=\"l-section-h i-cf\"><div class=\"g-cols vc_row via_grid cols_1 laptops-cols_inherit tablets-cols_inherit mobiles-cols_1 valign_top type_default stacking_default\"><div class=\"wpb_column vc_column_container\"><div class=\"vc_column-inner\"><\/div><\/div><\/div><\/div><\/section>\n","protected":false},"excerpt":{"rendered":"HiRES &#8211; International Institute for Entrepreneurship and Sustainable ManagementProjekt HiRESProjektidee Das Projekt\u00a0HiRES\u00a0verfolgt das Ziel, am\u00a0Fachbereich Wirtschaft der Hochschule Magdeburg-Stendal\u00a0ein Institut zu etablieren, das\u00a0Wissenschaft und Wirtschaft\u00a0verbindet und\u00a0Innovation, Unternehmertum sowie Nachhaltigkeit auf regionaler und internationaler Ebene f\u00f6rdert. Hintergrund und Motivation Der Bedarf f\u00fcr HiRES entstand aus den Erfahrungen mit dem erfolgreichen Aufbau des Masterstudiengangs\u00a0Entrepreneurship and Innovation Management...","protected":false},"author":9,"featured_media":16120,"parent":4137,"menu_order":0,"comment_status":"closed","ping_status":"closed","template":"","meta":{"_acf_changed":false,"footnotes":""},"categories":[],"tags":[],"class_list":["post-16116","page","type-page","status-publish","has-post-thumbnail","hentry"],"translation":{"provider":"WPGlobus","version":"3.0.1","language":"de","enabled_languages":["de","en"],"languages":{"de":{"title":true,"content":true,"excerpt":false},"en":{"title":false,"content":false,"excerpt":false}}},"acf":[],"_links":{"self":[{"href":"https:\/\/spirit.h2.de\/spirit\/wp-json\/wp\/v2\/pages\/16116","targetHints":{"allow":["GET"]}}],"collection":[{"href":"https:\/\/spirit.h2.de\/spirit\/wp-json\/wp\/v2\/pages"}],"about":[{"href":"https:\/\/spirit.h2.de\/spirit\/wp-json\/wp\/v2\/types\/page"}],"author":[{"embeddable":true,"href":"https:\/\/spirit.h2.de\/spirit\/wp-json\/wp\/v2\/users\/9"}],"replies":[{"embeddable":true,"href":"https:\/\/spirit.h2.de\/spirit\/wp-json\/wp\/v2\/comments?post=16116"}],"version-history":[{"count":21,"href":"https:\/\/spirit.h2.de\/spirit\/wp-json\/wp\/v2\/pages\/16116\/revisions"}],"predecessor-version":[{"id":17965,"href":"https:\/\/spirit.h2.de\/spirit\/wp-json\/wp\/v2\/pages\/16116\/revisions\/17965"}],"up":[{"embeddable":true,"href":"https:\/\/spirit.h2.de\/spirit\/wp-json\/wp\/v2\/pages\/4137"}],"wp:featuredmedia":[{"embeddable":true,"href":"https:\/\/spirit.h2.de\/spirit\/wp-json\/wp\/v2\/media\/16120"}],"wp:attachment":[{"href":"https:\/\/spirit.h2.de\/spirit\/wp-json\/wp\/v2\/media?parent=16116"}],"wp:term":[{"taxonomy":"category","embeddable":true,"href":"https:\/\/spirit.h2.de\/spirit\/wp-json\/wp\/v2\/categories?post=16116"},{"taxonomy":"post_tag","embeddable":true,"href":"https:\/\/spirit.h2.de\/spirit\/wp-json\/wp\/v2\/tags?post=16116"}],"curies":[{"name":"wp","href":"https:\/\/api.w.org\/{rel}","templated":true}]}}