{"id":11481,"date":"2023-07-24T09:50:18","date_gmt":"2023-07-24T07:50:18","guid":{"rendered":"https:\/\/spirit.h2.de\/spirit\/?page_id=11481"},"modified":"2026-02-09T14:30:51","modified_gmt":"2026-02-09T13:30:51","slug":"landstark","status":"publish","type":"page","link":"https:\/\/spirit.h2.de\/spirit\/projekte\/landstark\/","title":{"rendered":"LandStarK \u2013 Sozial-\u00f6kologische Transformation in der Kultur"},"content":{"rendered":"<section class=\"l-section wpb_row height_auto\"><div class=\"l-section-h i-cf\"><div class=\"g-cols vc_row via_grid cols_1 laptops-cols_inherit tablets-cols_inherit mobiles-cols_1 valign_top type_default stacking_default\"><div class=\"wpb_column vc_column_container\"><div class=\"vc_column-inner\"><div class=\"w-separator size_medium\"><\/div><div class=\"w-text us_custom_ccb6e813 has_text_color\"><span class=\"w-text-h\"><span class=\"w-text-value\">LandStarK<\/span><\/span><\/div><div class=\"w-separator size_small\"><\/div><div class=\"w-text us_custom_a3fc07dd has_text_color\"><span class=\"w-text-h\"><span class=\"w-text-value\">Verbundforschungsprojekt zur St\u00e4rkung der Kultur- und Kreativwirtschaft als Treiber sozial\u00f6kologischer Transformation im l\u00e4ndlichen Raum<\/span><\/span><\/div><div class=\"w-separator size_small\"><\/div><div class=\"wpb_column vc_column_container\"><div class=\"vc_column-inner\"><div class=\"w-image has_ratio align_none\"><div class=\"w-image-h\"><div style=\"padding-bottom:33.3333%\"><\/div><img decoding=\"async\" width=\"2560\" height=\"1917\" src=\"https:\/\/spirit.h2.de\/spirit\/wp-content\/uploads\/2025\/08\/bernd-dittrich-Kt5lzXMmBK8-unsplash-scaled.jpg\" class=\"attachment-full size-full\" alt=\"\u00dcbersicht \u00fcber eine l\u00e4ndliche Landschaft in Deutschland im Abendlicht\" loading=\"lazy\" \/><\/div><\/div><\/div><\/div><\/div><\/div><\/div><\/div><\/section><section class=\"l-section wpb_row height_medium\"><div class=\"l-section-h i-cf\"><div class=\"g-cols vc_row via_grid cols_2-1 laptops-cols_inherit tablets-cols_inherit mobiles-cols_1 valign_top type_default stacking_default\" style=\"--columns-gap:5rem;\"><div class=\"wpb_column vc_column_container\"><div class=\"vc_column-inner\"><div class=\"w-text us_custom_b01cd5ea has_text_color\"><span class=\"w-text-h\"><span class=\"w-text-value\">Projektidee<\/span><\/span><\/div><div class=\"w-separator size_small\"><\/div><div class=\"wpb_text_column\"><div class=\"wpb_wrapper\"><p><strong>LandStarK<\/strong> erforscht durch die Kultur- und Kreativwirtschaft initiierte neue Umdenk- und Handlungswege im Sinne des \u201eGreen Deals\u201c der EU in den sozial\u00f6konomischen \u00d6kosystemen von acht Regionen in vier Bundesl\u00e4ndern:<\/p>\n<ul>\n<li>Nordwestmecklenburg und Ludwigslust-Parchim in Mecklenburg-Vorpommern,<\/li>\n<li>Prignitz in Brandenburg,<\/li>\n<li>L\u00fcchow-Dannenberg und L\u00fcneburg in Niedersachen und<\/li>\n<li>Salzwedel, B\u00f6rde und Stendal in Sachsen-Anhalt.<\/li>\n<\/ul>\n<p>Die untersuchten Transformationsaktivit\u00e4ten orientieren sich am \u201eSystem Change Compass\u201c, der von der EU in Zusammenarbeit mit dem Club of Rome entwickelt wurde und im Kontext des \u201eGreen Deals\u201c den \u00dcbergang in die Kreislaufwirtschaft und eine regenerative Wirtschaftsform beschreibt.<\/p>\n<p><a href=\"https:\/\/circulareconomy.europa.eu\/platform\/en\/knowledge\/system-change-compass-implementing-european-green-deal-time-recovery\">https:\/\/circulareconomy.europa.eu\/platform\/en\/knowledge\/system-change-compass-implementing-european-green-deal-time-recovery<\/a><\/p>\n<\/div><\/div><div class=\"w-separator size_large\"><\/div><div class=\"w-text us_custom_b01cd5ea has_text_color\"><span class=\"w-text-h\"><span class=\"w-text-value\">Projektinhalte<\/span><\/span><\/div><div class=\"w-separator size_small\"><\/div><div class=\"wpb_text_column\"><div class=\"wpb_wrapper\"><p><strong>LandStarK<\/strong> besch\u00e4ftig sich mit folgenden Forschungsfragen:<\/p>\n<ul>\n<li>Wie und inwieweit kann die KKW Umdenk- und Transformationsprozesse im Sinne der Gro\u00dfen Transformation (sozial, \u00f6kologisch, inklusiv) in l\u00e4ndlichen R\u00e4umen am Beispiel der l\u00e4ndlichen sektoralen Spezialisierung (Tourismus und \u00f6kologischer Landbau) ansto\u00dfen und somit den Weg f\u00fcr eine nachhaltige Resilienz der teilnehmenden l\u00e4ndlichen R\u00e4ume ebnen?<\/li>\n<li>Wie k\u00f6nnen positive sekund\u00e4re und terti\u00e4re Effekte der KKW auf bestimmte ordnungs\u00f6konomische \u00d6kosysteme und deren Wechselwirkungen mit der KKW im l\u00e4ndlichen Raum quantifiziert und qualifiziert werden?<\/li>\n<li>Welche kulturellen und kreativen endogenen Ressourcen, Formate, Methoden (z. B. Organisationskultur, soziale \/ kognitive \/ institutionelle N\u00e4he und Dichte, Marktkr\u00e4fte, regulatives Rahmenwerk) setzen Umdenk- und Transformationsprozesse in Gang und sind f\u00fcr einen nachhaltigen Systemwandel ausschlaggebend?<\/li>\n<li>Inwieweit k\u00f6nnen untersuchte intersektorale Kooperation mit der KKW in anderen wirtschaftlichen \u00d6kosystemen au\u00dferhalb des \u00f6kologischen Landbaus und Tourismus \u00fcbernommen werden?<\/li>\n<\/ul>\n<p><strong>LandStarK<\/strong> ist Teil der Forschungsma\u00dfnahme \u201eFaktor K\u201c mit 22 innovativen Forschungsprojekten im Rahmen des Bundesprogramms \u201eL\u00e4ndliche Entwicklung und Regionale Wertsch\u00f6pfung\u201c (BULEplus) im Auftrag des BMEL und l\u00e4uft bis Februar 2026. Innerhalb von Faktor K ist <strong>LandStarK <\/strong>dem Themencluster \u201eKulturelle Akteure und Netzwerke in l\u00e4ndlichen R\u00e4umen in Transformationsprozessen\u201c zugeordnet.<\/p>\n<p>Die Ziele von Faktor K:<br \/>\nMit der F\u00f6rderung der Forschungsvorhaben soll zum einen die Forschungslandschaft zu l\u00e4ndlichen R\u00e4umen in Deutschland gest\u00e4rkt und zum anderen die Kenntnisse \u00fcber die Bedeutung von Kultur in l\u00e4ndlichen R\u00e4umen erweitert werden. Au\u00dferdem sollen Erfolgsmodelle und Gelingensbedingungen f\u00fcr ein lebendiges kulturelles Leben in l\u00e4ndlichen R\u00e4umen analysiert und Handlungsempfehlungen f\u00fcr die Praxis erarbeitet werden.<\/p>\n<p>Begleitend zu der F\u00f6rderma\u00dfnahme werden die Vernetzung der Forschungsprojekte untereinander und der Wissenstransfer in die Fach\u00f6ffentlichkeit von gro\u00dfer Bedeutung sein, um die gewonnen Erkenntnisse in die Breite zu tragen.<\/p>\n<p><a href=\"https:\/\/www.bmel.de\/DE\/themen\/laendliche-regionen\/freizeit-und-kultur\/forschung-kultur-land.html\">https:\/\/www.bmel.de\/DE\/themen\/laendliche-regionen\/freizeit-und-kultur\/forschung-kultur-land.html<\/a><\/p>\n<\/div><\/div><div class=\"w-separator size_large\"><\/div><div class=\"w-text us_custom_b01cd5ea has_text_color\"><span class=\"w-text-h\"><span class=\"w-text-value\">Ziele<\/span><\/span><\/div><div class=\"w-separator size_small\"><\/div><div class=\"wpb_text_column\"><div class=\"wpb_wrapper\"><p>Das Ziel von <strong>LandStarK<\/strong> ist der Aufbau eines methodischen und praxistauglichen Leuchtturms f\u00fcr die Erm\u00f6glichung und Revitalisierung der kulturellen und kreativen Aktivit\u00e4ten in den acht genannten Regionen, die der Transformation im Sinne des \u201eGreen Deals\u201c dienen und nachhaltige Effekte in den Branchen Tourismus und \u00d6kologische Landwirtschaft zeigen.<\/p>\n<p>Zudem soll ein aktiver und partizipativer Wissenstransfer \u00fcber erforschte Rahmenbedingungen des Gelingens in alle acht Regionen erm\u00f6glich werden. Daf\u00fcr werden ab Februar 2024 lokale und \u00fcberregionale Events konzipiert und umgesetzt, auch in Form von hybriden Webinaren und Learning-Journeys. Die Makerspaces an den Standorten Wismar, Stendal und Magdeburg sollen in die Wissenstransferformate eingebunden werden.<\/p>\n<p>Die Hochschule Magdeburg-Stendal arbeitet in allen Arbeitspaketen eng mit der Hochschule Wismar zusammen. Die Umgestaltung der erfassten Potentiale in praxistaugliche Wissenstransferformate liegen in der besonderen Verantwortung der h2.<\/p>\n<\/div><\/div><\/div><\/div><div class=\"wpb_column vc_column_container\"><div class=\"vc_column-inner\"><div class=\"w-text us_custom_b01cd5ea has_text_color\"><span class=\"w-text-h\"><span class=\"w-text-value\">Eckdaten<\/span><\/span><\/div><div class=\"w-separator size_small\"><\/div><div class=\"w-text us_custom_32940c00 has_text_color\"><span class=\"w-text-h\"><span class=\"w-text-value\">Laufzeit:<\/span><\/span><\/div><div class=\"w-separator size_small\"><\/div><div class=\"wpb_text_column\"><div class=\"wpb_wrapper\"><p>01.03.2023 &#8211; 30.04.2026<\/p>\n<\/div><\/div><div class=\"w-separator size_small\"><\/div><div class=\"w-text us_custom_32940c00 has_text_color\"><span class=\"w-text-h\"><span class=\"w-text-value\">Verbundpartner*innen:<\/span><\/span><\/div><div class=\"w-separator size_small\"><\/div><div class=\"wpb_text_column\"><div class=\"wpb_wrapper\"><ul>\n<li>Hochschule Wismar (University of Applied Sciences Technology, Business and Design)<\/li>\n<li>Hochschule Magdeburg-Stendal, Fachbereich Wirtschaft<\/li>\n<li>Landesverband der Kultur- und Kreativwirtschaft in Mecklenburg-Vorpommern, \u201eKreative MV\u201c<\/li>\n<\/ul>\n<\/div><\/div><div class=\"w-separator size_small\"><\/div><div class=\"w-text us_custom_32940c00 has_text_color\"><span class=\"w-text-h\"><span class=\"w-text-value\">F\u00f6rdermittelgebende:<\/span><\/span><\/div><div class=\"w-separator size_small\"><\/div><div class=\"wpb_text_column\"><div class=\"wpb_wrapper\"><ul>\n<li>Bundesministerium f\u00fcr Ern\u00e4hrung und Landwirtschaft (BMEL) im Rahmen des <a href=\"https:\/\/www.ble.de\/DE\/Projektfoerderung\/Foerderungen-Auftraege\/BULE\/BULE_node.html\">Bundesprogramms \u201eL\u00e4ndliche Entwicklung und Regionale Wertsch\u00f6pfung\u201c (BULEplus)<\/a><\/li>\n<\/ul>\n<\/div><\/div><div class=\"w-separator size_small\"><\/div><div class=\"w-image align_none\"><div class=\"w-image-h\"><img decoding=\"async\" width=\"700\" height=\"511\" src=\"https:\/\/spirit.h2.de\/spirit\/wp-content\/uploads\/2025\/01\/BMEL_logo.png\" class=\"attachment-large size-large\" alt=\"Logo des Bundesministerium f\u00fcr Ern\u00e4hrung und Landwirtschaft\" loading=\"lazy\" srcset=\"https:\/\/spirit.h2.de\/spirit\/wp-content\/uploads\/2025\/01\/BMEL_logo.png 700w, https:\/\/spirit.h2.de\/spirit\/wp-content\/uploads\/2025\/01\/BMEL_logo-640x467.png 640w, https:\/\/spirit.h2.de\/spirit\/wp-content\/uploads\/2025\/01\/BMEL_logo-100x73.png 100w\" sizes=\"auto, (max-width: 700px) 100vw, 700px\" \/><\/div><\/div><div class=\"w-separator size_small\"><\/div><div class=\"w-text us_custom_32940c00 has_text_color\"><span class=\"w-text-h\"><span class=\"w-text-value\">Wissenschaftler*innen &amp; Mitarbeiter*innen:<\/span><\/span><\/div><div class=\"w-separator size_small\"><\/div><div class=\"wpb_text_column\"><div class=\"wpb_wrapper\"><p><b>Nina Schmulius<br \/>\n<\/b>Fachbereich Wirtschaft<br \/>\nHochschule Magdeburg-Stendal<br \/>\n<a href=\"https:\/\/ninaschmulius.com\/\">https:\/\/ninaschmulius.com\/<\/a><br \/>\n<a href=\"mailto:nina.schmulius@h2.de\">nina.schmulius@h2.de<\/a><\/p>\n<\/div><\/div><div class=\"w-separator size_small\"><\/div><div class=\"wpb_text_column\"><div class=\"wpb_wrapper\"><p><b>Jan-Philipp Winkler<br \/>\n<\/b>Fachbereich Wirtschaft<br \/>\nHochschule Magdeburg-Stendal<br \/>\n<a href=\"mailto:jan.winkler@h2.de\">jan.winkler@h2.de<\/a><\/p>\n<\/div><\/div><div class=\"w-separator size_small\"><\/div><div class=\"wpb_text_column\"><div class=\"wpb_wrapper\"><p><strong>Prof. Dr. Michael A. Herzog<\/strong><br \/>\nWirtschaftsinformatik<br \/>\nHochschule Magdeburg-Stendal<br \/>\n<a href=\"mailto:michael.herzog@h2.de\">michael.herzog@h2.de<\/a><\/p>\n<\/div><\/div><div class=\"w-separator size_small\"><\/div><div class=\"wpb_text_column\"><div class=\"wpb_wrapper\"><p><strong>Dr. Laima Gerlitz<\/strong><br \/>\nProjektkommunikation<br \/>\nHead <a href=\"https:\/\/www.fww.hs-wismar.de\/forschung-kooperationen\/institute\/european-project-center\/\">European Project Center<\/a><br \/>\nHochschule Wismar<br \/>\nInnovation und Kreativwirtschaft<br \/>\n<a href=\"mailto:laima.gerlitz@hs-wismar.de\">laima.gerlitz@hs-wismar.de<\/a><\/p>\n<\/div><\/div><div class=\"w-separator size_small\"><\/div><div class=\"wpb_text_column\"><div class=\"wpb_wrapper\"><p><strong>Geertje Wehry<\/strong><br \/>\n<a href=\"https:\/\/www.fww.hs-wismar.de\/forschung-kooperationen\/institute\/european-project-center\/\">European Project Center<\/a><br \/>\nHochschule Wismar<br \/>\nInnovation und Kreativwirtschaft<br \/>\n<a href=\"mailto:geertje.wehry@hs-wismar.de\">geertje.wehry@hs-wismar.de<\/a><\/p>\n<\/div><\/div><div class=\"w-separator size_small\"><\/div><div class=\"wpb_text_column\"><div class=\"wpb_wrapper\"><p><strong>Prof. Dr. Gunnar Prause<\/strong><br \/>\nWirtschaftsinformatik<br \/>\nABWL\/Maritime Wirtschaft<br \/>\nHochschule Wismar<br \/>\n<a href=\"mailto:gunnar.prause@hs-wismar.de\">gunnar.prause@hs-wismar.de<\/a><\/p>\n<\/div><\/div><div class=\"w-separator size_small\"><\/div><div class=\"wpb_text_column\"><div class=\"wpb_wrapper\"><p>Annette <strong>Anna<\/strong><b> Hoffmann<br \/>\n<\/b>bis Februar 2024<\/p>\n<\/div><\/div><\/div><\/div><\/div><\/div><\/section><section class=\"l-section wpb_row height_auto\"><div class=\"l-section-h i-cf\"><div class=\"g-cols vc_row via_grid cols_1 laptops-cols_inherit tablets-cols_inherit mobiles-cols_1 valign_top type_default stacking_default\"><div class=\"wpb_column vc_column_container\"><div class=\"vc_column-inner\"><div class=\"w-text us_custom_b01cd5ea has_text_color\"><span class=\"w-text-h\"><span class=\"w-text-value\">Beitr\u00e4ge zum Thema<\/span><\/span><\/div><div class=\"w-separator size_small\"><\/div><div class=\"w-grid us_grid type_grid layout_8225 cols_3 preload_style_spinner ratio_4x3\" id=\"us_grid_1\" style=\"--columns:3;--gap:1.5rem;--item-ratio:0.75;\" data-filterable=\"true\"><style>@media (max-width:1024px){#us_grid_1{--columns:2!important}}@media (max-width:600px){#us_grid_1{--columns:1!important}}.layout_8225 .w-grid-item-h{background:var(--color-content-bg);color:var(--color-content-text);border-radius:0.3rem;box-shadow:0 0.03rem 0.06rem rgba(0,0,0,0.1),0 0.1rem 0.3rem rgba(0,0,0,0.1);transition-duration:0.3s}.no-touch .layout_8225 .w-grid-item-h:hover{box-shadow:0 0.1rem 0.2rem rgba(0,0,0,0.1),0 0.33rem 1rem rgba(0,0,0,0.15);z-index:4}.layout_8225 .usg_post_title_2{font-size:1.2rem!important;margin-left:1.4rem!important;margin-bottom:1.6rem!important}.layout_8225 .usg_post_image_2{margin-bottom:1.3rem!important;padding-bottom:1.3rem!important}.layout_8225 .usg_post_content_1{padding-left:12px!important;padding-bottom:12px!important;padding-right:12px!important}<\/style><div class=\"w-grid-list\">\t<article class=\"w-grid-item size_1x1 post-16355 post type-post status-publish format-standard post-password-required hentry category-landstark\" data-id=\"16355\">\r\n\t\t<div class=\"w-grid-item-h\">\r\n\t\t\t\t\t\t<div class=\"w-vwrapper usg_vwrapper_2 align_none valign_top\"><div class=\"w-vwrapper usg_vwrapper_1 align_none valign_top\"><div class=\"w-post-elm post_image usg_post_image_2 has_ratio\"><a href=\"https:\/\/spirit.h2.de\/spirit\/landstark-ueberland-festival-2025\/\" aria-label=\"Gesch\u00fctzt: LandConnect(ion) @ \u00dcberland-Festival 2025\"><img loading=\"lazy\" decoding=\"async\" width=\"1200\" height=\"983\" src=\"https:\/\/spirit.h2.de\/spirit\/wp-content\/uploads\/2025\/09\/Bildschirmfoto-2025-09-11-um-11.45.18-1280x1048.jpg\" class=\"attachment-large size-large wp-post-image\" alt=\"\" \/><\/a><div style=\"padding-bottom:56.25%\"><\/div><\/div><h2 class=\"w-post-elm post_title usg_post_title_2 entry-title color_link_inherit\"><a href=\"https:\/\/spirit.h2.de\/spirit\/landstark-ueberland-festival-2025\/\">Gesch\u00fctzt: LandConnect(ion) @ \u00dcberland-Festival 2025<\/a><\/h2><\/div><\/div>\t\t<\/div>\r\n\t\t\t<\/article>\r\n\t<article class=\"w-grid-item size_1x1 post-16316 post type-post status-publish format-standard has-post-thumbnail hentry category-laufende category-landstark category-news category-projects category-wint\" data-id=\"16316\">\r\n\t\t<div class=\"w-grid-item-h\">\r\n\t\t\t\t\t\t<div class=\"w-vwrapper usg_vwrapper_2 align_none valign_top\"><div class=\"w-vwrapper usg_vwrapper_1 align_none valign_top\"><div class=\"w-post-elm post_image usg_post_image_2 has_ratio\"><a href=\"https:\/\/spirit.h2.de\/spirit\/landstark-auf-dem-ueberland-festival-2025\/\" aria-label=\"LandStarK auf dem \u00dcberland-Festival 2025\"><img loading=\"lazy\" decoding=\"async\" width=\"1024\" height=\"1024\" src=\"https:\/\/spirit.h2.de\/spirit\/wp-content\/uploads\/2025\/08\/LandStark-Ueberland-Festival.jpg\" class=\"attachment-large size-large wp-post-image\" alt=\"LandStark Logo f\u00fcr \u00dcberland-Festival\" \/><\/a><div style=\"padding-bottom:56.25%\"><\/div><\/div><h2 class=\"w-post-elm post_title usg_post_title_2 entry-title color_link_inherit\"><a href=\"https:\/\/spirit.h2.de\/spirit\/landstark-auf-dem-ueberland-festival-2025\/\">LandStarK auf dem \u00dcberland-Festival 2025<\/a><\/h2><\/div><\/div>\t\t<\/div>\r\n\t\t\t<\/article>\r\n\t<article class=\"w-grid-item size_1x1 post-13925 post type-post status-publish format-standard has-post-thumbnail hentry category-landstark category-news category-uncategorized-de\" data-id=\"13925\">\r\n\t\t<div class=\"w-grid-item-h\">\r\n\t\t\t\t\t\t<div class=\"w-vwrapper usg_vwrapper_2 align_none valign_top\"><div class=\"w-vwrapper usg_vwrapper_1 align_none valign_top\"><div class=\"w-post-elm post_image usg_post_image_2 has_ratio\"><a href=\"https:\/\/spirit.h2.de\/spirit\/experteninput-zu-den-herausforderungen-in-der-arbeit-mit-dem-co2-kulturstandard\/\" aria-label=\"Experteninput zu den Herausforderungen in der Arbeit mit dem CO2 Kulturstandard\"><img loading=\"lazy\" decoding=\"async\" width=\"1200\" height=\"634\" src=\"https:\/\/spirit.h2.de\/spirit\/wp-content\/uploads\/2024\/02\/WhatsApp-Image-2024-02-20-at-13.54.09-e1708433884603-1280x676.jpeg\" class=\"attachment-large size-large wp-post-image\" alt=\"\" \/><\/a><div style=\"padding-bottom:56.25%\"><\/div><\/div><h2 class=\"w-post-elm post_title usg_post_title_2 entry-title color_link_inherit\"><a href=\"https:\/\/spirit.h2.de\/spirit\/experteninput-zu-den-herausforderungen-in-der-arbeit-mit-dem-co2-kulturstandard\/\">Experteninput zu den Herausforderungen in der Arbeit mit dem CO2 Kulturstandard<\/a><\/h2><\/div><\/div>\t\t<\/div>\r\n\t\t\t<\/article>\r\n\t<article class=\"w-grid-item size_1x1 post-13783 post type-post status-publish format-standard has-post-thumbnail hentry category-landstark category-news category-uncategorized-de\" data-id=\"13783\">\r\n\t\t<div class=\"w-grid-item-h\">\r\n\t\t\t\t\t\t<div class=\"w-vwrapper usg_vwrapper_2 align_none valign_top\"><div class=\"w-vwrapper usg_vwrapper_1 align_none valign_top\"><div class=\"w-post-elm post_image usg_post_image_2 has_ratio\"><a href=\"https:\/\/spirit.h2.de\/spirit\/workshop-und-forschungsevents-zum-oekologischen-handabdruck-2\/\" aria-label=\"Workshop- und Forschungsevents zum \u00d6kologischen Handabdruck\"><img loading=\"lazy\" decoding=\"async\" width=\"822\" height=\"470\" src=\"https:\/\/spirit.h2.de\/spirit\/wp-content\/uploads\/2023\/12\/Workshopabend-Oekologischer-Handabdruck.jpg\" class=\"attachment-large size-large wp-post-image\" alt=\"\" \/><\/a><div style=\"padding-bottom:56.25%\"><\/div><\/div><h2 class=\"w-post-elm post_title usg_post_title_2 entry-title color_link_inherit\"><a href=\"https:\/\/spirit.h2.de\/spirit\/workshop-und-forschungsevents-zum-oekologischen-handabdruck-2\/\">Workshop- und Forschungsevents zum \u00d6kologischen Handabdruck<\/a><\/h2><\/div><\/div>\t\t<\/div>\r\n\t\t\t<\/article>\r\n\t<article class=\"w-grid-item size_1x1 post-13290 post type-post status-publish format-standard has-post-thumbnail hentry category-landstark category-news\" data-id=\"13290\">\r\n\t\t<div class=\"w-grid-item-h\">\r\n\t\t\t\t\t\t<div class=\"w-vwrapper usg_vwrapper_2 align_none valign_top\"><div class=\"w-vwrapper usg_vwrapper_1 align_none valign_top\"><div class=\"w-post-elm post_image usg_post_image_2 has_ratio\"><a href=\"https:\/\/spirit.h2.de\/spirit\/konzeption-und-moderation-des-arbeitsworkshops-regional-gedacht-auf-der-3-green-culture-konferenz-der-bundesbeauftragten-fuer-kultur-und-medien-am-30-11-und-1-12-23-in-leipzig\/\" aria-label=\"Strategieworkshop auf der 3. Green Culture Konferenz des BKM von LandStarK\"><img loading=\"lazy\" decoding=\"async\" width=\"822\" height=\"470\" src=\"https:\/\/spirit.h2.de\/spirit\/wp-content\/uploads\/2023\/11\/Kulturelle-Landpartie.jpg\" class=\"attachment-large size-large wp-post-image\" alt=\"\" \/><\/a><div style=\"padding-bottom:56.25%\"><\/div><\/div><h2 class=\"w-post-elm post_title usg_post_title_2 entry-title color_link_inherit\"><a href=\"https:\/\/spirit.h2.de\/spirit\/konzeption-und-moderation-des-arbeitsworkshops-regional-gedacht-auf-der-3-green-culture-konferenz-der-bundesbeauftragten-fuer-kultur-und-medien-am-30-11-und-1-12-23-in-leipzig\/\">Strategieworkshop auf der 3. Green Culture Konferenz des BKM von LandStarK<\/a><\/h2><\/div><\/div>\t\t<\/div>\r\n\t\t\t<\/article>\r\n\t<article class=\"w-grid-item size_1x1 post-12498 post type-post status-publish format-standard has-post-thumbnail hentry category-landstark category-news\" data-id=\"12498\">\r\n\t\t<div class=\"w-grid-item-h\">\r\n\t\t\t\t\t\t<div class=\"w-vwrapper usg_vwrapper_2 align_none valign_top\"><div class=\"w-vwrapper usg_vwrapper_1 align_none valign_top\"><div class=\"w-post-elm post_image usg_post_image_2 has_ratio\"><a href=\"https:\/\/spirit.h2.de\/spirit\/landstark-auf-dem-ueberlandfestival\/\" aria-label=\"LandStarK auf dem \u00dcberland-Festival 2023\"><img loading=\"lazy\" decoding=\"async\" width=\"1200\" height=\"638\" src=\"https:\/\/spirit.h2.de\/spirit\/wp-content\/uploads\/2023\/07\/Ueberland-2-1280x680.jpg\" class=\"attachment-large size-large wp-post-image\" alt=\"\" \/><\/a><div style=\"padding-bottom:56.25%\"><\/div><\/div><h2 class=\"w-post-elm post_title usg_post_title_2 entry-title color_link_inherit\"><a href=\"https:\/\/spirit.h2.de\/spirit\/landstark-auf-dem-ueberlandfestival\/\">LandStarK auf dem \u00dcberland-Festival 2023<\/a><\/h2><\/div><\/div>\t\t<\/div>\r\n\t\t\t<\/article>\r\n<\/div>\t<div class=\"w-grid-preloader\">\r\n\t\t<div class=\"g-preloader type_1\">\r\n\t\t\t<div><\/div>\r\n\t\t<\/div>\r\n\t<\/div>\r\n\t\t<div class=\"w-grid-json hidden\" onclick='return {&quot;action&quot;:&quot;us_ajax_grid&quot;,&quot;infinite_scroll&quot;:0,&quot;max_num_pages&quot;:1,&quot;pagination&quot;:&quot;none&quot;,&quot;template_vars&quot;:{&quot;columns&quot;:&quot;3&quot;,&quot;exclude_items&quot;:&quot;none&quot;,&quot;img_size&quot;:&quot;default&quot;,&quot;ignore_items_size&quot;:0,&quot;items_layout&quot;:&quot;8225&quot;,&quot;items_offset&quot;:&quot;1&quot;,&quot;load_animation&quot;:&quot;none&quot;,&quot;overriding_link&quot;:&quot;%7B%22url%22%3A%22%22%7D&quot;,&quot;post_id&quot;:0,&quot;query_args&quot;:{&quot;post_type&quot;:[&quot;post&quot;],&quot;tax_query&quot;:[{&quot;taxonomy&quot;:&quot;category&quot;,&quot;field&quot;:&quot;slug&quot;,&quot;terms&quot;:[&quot;landstark&quot;]}],&quot;post_status&quot;:[&quot;publish&quot;,&quot;acf-disabled&quot;],&quot;posts_per_page&quot;:&quot;15&quot;},&quot;orderby_query_args&quot;:{&quot;orderby&quot;:{&quot;date&quot;:&quot;DESC&quot;}},&quot;type&quot;:&quot;grid&quot;,&quot;us_grid_post_type&quot;:&quot;post&quot;,&quot;us_grid_ajax_index&quot;:1,&quot;us_grid_filter_query_string&quot;:null,&quot;us_grid_index&quot;:1,&quot;page_args&quot;:[]}}'><\/div>\r\n\t<\/div><div class=\"w-separator size_huge\"><\/div><\/div><\/div><\/div><\/div><\/section>\n","protected":false},"excerpt":{"rendered":"{:de}Am 2.9.2023 f\u00fchrt LandStarK einen \u00f6ffentlichen Workshop auf dem \u00dcberland-Festival in G\u00f6rlitz durch. Das Festival wird vom Th\u00fcnen-Institut f\u00fcr Regionalentwicklung organisiert und verbindet in vielen verschiedenen Formaten die praktische, k\u00fcnstlerische, politische und wissenschaftliche Auseinandersetzung mit l\u00e4ndlichen R\u00e4umen &#8211; mit Fokus auf Ostdeutschland. LandStarK bietet einen Serious Game Workshop zur Erkundung von M\u00f6glichkeiten f\u00fcr die regionalen...","protected":false},"author":19,"featured_media":16296,"parent":4137,"menu_order":0,"comment_status":"closed","ping_status":"closed","template":"","meta":{"_acf_changed":false,"footnotes":""},"categories":[],"tags":[],"class_list":["post-11481","page","type-page","status-publish","has-post-thumbnail","hentry"],"translation":{"provider":"WPGlobus","version":"3.0.1","language":"de","enabled_languages":["de","en"],"languages":{"de":{"title":true,"content":true,"excerpt":false},"en":{"title":false,"content":false,"excerpt":false}}},"acf":[],"_links":{"self":[{"href":"https:\/\/spirit.h2.de\/spirit\/wp-json\/wp\/v2\/pages\/11481","targetHints":{"allow":["GET"]}}],"collection":[{"href":"https:\/\/spirit.h2.de\/spirit\/wp-json\/wp\/v2\/pages"}],"about":[{"href":"https:\/\/spirit.h2.de\/spirit\/wp-json\/wp\/v2\/types\/page"}],"author":[{"embeddable":true,"href":"https:\/\/spirit.h2.de\/spirit\/wp-json\/wp\/v2\/users\/19"}],"replies":[{"embeddable":true,"href":"https:\/\/spirit.h2.de\/spirit\/wp-json\/wp\/v2\/comments?post=11481"}],"version-history":[{"count":87,"href":"https:\/\/spirit.h2.de\/spirit\/wp-json\/wp\/v2\/pages\/11481\/revisions"}],"predecessor-version":[{"id":17862,"href":"https:\/\/spirit.h2.de\/spirit\/wp-json\/wp\/v2\/pages\/11481\/revisions\/17862"}],"up":[{"embeddable":true,"href":"https:\/\/spirit.h2.de\/spirit\/wp-json\/wp\/v2\/pages\/4137"}],"wp:featuredmedia":[{"embeddable":true,"href":"https:\/\/spirit.h2.de\/spirit\/wp-json\/wp\/v2\/media\/16296"}],"wp:attachment":[{"href":"https:\/\/spirit.h2.de\/spirit\/wp-json\/wp\/v2\/media?parent=11481"}],"wp:term":[{"taxonomy":"category","embeddable":true,"href":"https:\/\/spirit.h2.de\/spirit\/wp-json\/wp\/v2\/categories?post=11481"},{"taxonomy":"post_tag","embeddable":true,"href":"https:\/\/spirit.h2.de\/spirit\/wp-json\/wp\/v2\/tags?post=11481"}],"curies":[{"name":"wp","href":"https:\/\/api.w.org\/{rel}","templated":true}]}}